{"id":293965,"date":"2025-01-30T07:07:24","date_gmt":"2025-01-30T06:07:24","guid":{"rendered":"https:\/\/oscarssonsbil.se\/salda_bilar\/chevrolet-impala-conv-1965-verkauft\/"},"modified":"2025-06-17T14:45:06","modified_gmt":"2025-06-17T12:45:06","slug":"chevrolet-impala-conv-1965-verkauft","status":"publish","type":"salda_bilar","link":"https:\/\/oscarssonsbil.se\/de\/salda_bilar\/chevrolet-impala-conv-1965-verkauft\/","title":{"rendered":"Chevrolet Impala Conv. 1965 (Verkauft)"},"content":{"rendered":"<p>  ein sehr sch\u00f6nes Auto in der richtigen Farbkombination rot mit schwarzem Interieur und Cabrio. Das Auto soll nur 67.077 Meilen (10.800 Meilen) haben und es macht einen fantastischen Eindruck und l\u00e4uft sehr sch\u00f6n. Es soll nur 2 Vorbesitzer gehabt haben, von denen der letzte es 20 Jahre lang besa\u00df!    <\/p>\n<p>Ein temperamentvoller und laufruhiger 283 V8 mit Power Glide-Automatikgetriebe und ausgestattet mit Servolenkung \/ Servobremsen \/ Elcabriolet \/ Doppelau\u00dfenspiegeln \/ etc.<\/p>\n<p>Verkauft an Uddevalla!<\/p>\n","protected":false},"featured_media":290218,"template":"","class_list":["post-293965","salda_bilar","type-salda_bilar","status-publish","has-post-thumbnail","hentry"],"acf":[],"yoast_head":"<!-- This site is optimized with the Yoast SEO plugin v25.7 - https:\/\/yoast.com\/wordpress\/plugins\/seo\/ -->\n<title>Chevrolet Impala Conv. 1965 (Verkauft) - Oscarssons Bilhandel i Mellerud AB<\/title>\n<meta name=\"robots\" content=\"index, follow, max-snippet:-1, max-image-preview:large, max-video-preview:-1\" \/>\n<link rel=\"canonical\" href=\"https:\/\/oscarssonsbil.se\/de\/salda_bilar\/chevrolet-impala-conv-1965-verkauft\/\" \/>\n<meta property=\"og:locale\" content=\"de_DE\" \/>\n<meta property=\"og:type\" content=\"article\" \/>\n<meta property=\"og:title\" content=\"Chevrolet Impala Conv. 1965 (Verkauft) - Oscarssons Bilhandel i Mellerud AB\" \/>\n<meta property=\"og:description\" content=\"ein sehr sch\u00f6nes Auto in der richtigen Farbkombination rot mit schwarzem Interieur und Cabrio. Das Auto soll nur 67.077 Meilen (10.800 Meilen) haben und es macht einen fantastischen Eindruck und l\u00e4uft sehr sch\u00f6n. Es soll nur 2 Vorbesitzer gehabt haben, von denen der letzte es 20 Jahre lang besa\u00df! Ein temperamentvoller und laufruhiger 283 V8 [&hellip;]\" \/>\n<meta property=\"og:url\" content=\"https:\/\/oscarssonsbil.se\/de\/salda_bilar\/chevrolet-impala-conv-1965-verkauft\/\" \/>\n<meta property=\"og:site_name\" content=\"Oscarssons Bilhandel i Mellerud AB\" \/>\n<meta property=\"article:publisher\" content=\"https:\/\/www.facebook.com\/OscarssonsBil\" \/>\n<meta property=\"article:modified_time\" content=\"2025-06-17T12:45:06+00:00\" \/>\n<meta property=\"og:image\" content=\"https:\/\/oscarssonsbil.se\/wp-content\/uploads\/2025\/01\/f4c71e38-2.jpg\" \/>\n\t<meta property=\"og:image:width\" content=\"800\" \/>\n\t<meta property=\"og:image:height\" content=\"531\" \/>\n\t<meta property=\"og:image:type\" content=\"image\/jpeg\" \/>\n<meta name=\"twitter:card\" content=\"summary_large_image\" \/>\n<script type=\"application\/ld+json\" class=\"yoast-schema-graph\">{\"@context\":\"https:\/\/schema.org\",\"@graph\":[{\"@type\":\"WebPage\",\"@id\":\"https:\/\/oscarssonsbil.se\/de\/salda_bilar\/chevrolet-impala-conv-1965-verkauft\/\",\"url\":\"https:\/\/oscarssonsbil.se\/de\/salda_bilar\/chevrolet-impala-conv-1965-verkauft\/\",\"name\":\"Chevrolet Impala Conv. 1965 (Verkauft) - Oscarssons Bilhandel i Mellerud AB\",\"isPartOf\":{\"@id\":\"https:\/\/oscarssonsbil.se\/de\/#website\"},\"primaryImageOfPage\":{\"@id\":\"https:\/\/oscarssonsbil.se\/de\/salda_bilar\/chevrolet-impala-conv-1965-verkauft\/#primaryimage\"},\"image\":{\"@id\":\"https:\/\/oscarssonsbil.se\/de\/salda_bilar\/chevrolet-impala-conv-1965-verkauft\/#primaryimage\"},\"thumbnailUrl\":\"https:\/\/oscarssonsbil.se\/wp-content\/uploads\/2025\/01\/f4c71e38-2.jpg\",\"datePublished\":\"2025-01-30T06:07:24+00:00\",\"dateModified\":\"2025-06-17T12:45:06+00:00\",\"breadcrumb\":{\"@id\":\"https:\/\/oscarssonsbil.se\/de\/salda_bilar\/chevrolet-impala-conv-1965-verkauft\/#breadcrumb\"},\"inLanguage\":\"de\",\"potentialAction\":[{\"@type\":\"ReadAction\",\"target\":[\"https:\/\/oscarssonsbil.se\/de\/salda_bilar\/chevrolet-impala-conv-1965-verkauft\/\"]}]},{\"@type\":\"ImageObject\",\"inLanguage\":\"de\",\"@id\":\"https:\/\/oscarssonsbil.se\/de\/salda_bilar\/chevrolet-impala-conv-1965-verkauft\/#primaryimage\",\"url\":\"https:\/\/oscarssonsbil.se\/wp-content\/uploads\/2025\/01\/f4c71e38-2.jpg\",\"contentUrl\":\"https:\/\/oscarssonsbil.se\/wp-content\/uploads\/2025\/01\/f4c71e38-2.jpg\",\"width\":800,\"height\":531},{\"@type\":\"BreadcrumbList\",\"@id\":\"https:\/\/oscarssonsbil.se\/de\/salda_bilar\/chevrolet-impala-conv-1965-verkauft\/#breadcrumb\",\"itemListElement\":[{\"@type\":\"ListItem\",\"position\":1,\"name\":\"Hem\",\"item\":\"https:\/\/oscarssonsbil.se\/de\/\"},{\"@type\":\"ListItem\",\"position\":2,\"name\":\"Chevrolet Impala Conv. 1965 (Verkauft)\"}]},{\"@type\":\"WebSite\",\"@id\":\"https:\/\/oscarssonsbil.se\/de\/#website\",\"url\":\"https:\/\/oscarssonsbil.se\/de\/\",\"name\":\"Oscarssons Bilhandel i Mellerud AB\",\"description\":\"\",\"publisher\":{\"@id\":\"https:\/\/oscarssonsbil.se\/de\/#organization\"},\"potentialAction\":[{\"@type\":\"SearchAction\",\"target\":{\"@type\":\"EntryPoint\",\"urlTemplate\":\"https:\/\/oscarssonsbil.se\/de\/?s={search_term_string}\"},\"query-input\":{\"@type\":\"PropertyValueSpecification\",\"valueRequired\":true,\"valueName\":\"search_term_string\"}}],\"inLanguage\":\"de\"},{\"@type\":\"Organization\",\"@id\":\"https:\/\/oscarssonsbil.se\/de\/#organization\",\"name\":\"Oscarssons Bilhandel i Mellerud AB\",\"url\":\"https:\/\/oscarssonsbil.se\/de\/\",\"logo\":{\"@type\":\"ImageObject\",\"inLanguage\":\"de\",\"@id\":\"https:\/\/oscarssonsbil.se\/de\/#\/schema\/logo\/image\/\",\"url\":\"https:\/\/oscarssonsbil.se\/wp-content\/uploads\/2025\/02\/logo-no-nr.png\",\"contentUrl\":\"https:\/\/oscarssonsbil.se\/wp-content\/uploads\/2025\/02\/logo-no-nr.png\",\"width\":2316,\"height\":484,\"caption\":\"Oscarssons Bilhandel i Mellerud AB\"},\"image\":{\"@id\":\"https:\/\/oscarssonsbil.se\/de\/#\/schema\/logo\/image\/\"},\"sameAs\":[\"https:\/\/www.facebook.com\/OscarssonsBil\"]}]}<\/script>\n<!-- \/ Yoast SEO plugin. -->","yoast_head_json":{"title":"Chevrolet Impala Conv. 1965 (Verkauft) - Oscarssons Bilhandel i Mellerud AB","robots":{"index":"index","follow":"follow","max-snippet":"max-snippet:-1","max-image-preview":"max-image-preview:large","max-video-preview":"max-video-preview:-1"},"canonical":"https:\/\/oscarssonsbil.se\/de\/salda_bilar\/chevrolet-impala-conv-1965-verkauft\/","og_locale":"de_DE","og_type":"article","og_title":"Chevrolet Impala Conv. 1965 (Verkauft) - Oscarssons Bilhandel i Mellerud AB","og_description":"ein sehr sch\u00f6nes Auto in der richtigen Farbkombination rot mit schwarzem Interieur und Cabrio. Das Auto soll nur 67.077 Meilen (10.800 Meilen) haben und es macht einen fantastischen Eindruck und l\u00e4uft sehr sch\u00f6n. Es soll nur 2 Vorbesitzer gehabt haben, von denen der letzte es 20 Jahre lang besa\u00df! Ein temperamentvoller und laufruhiger 283 V8 [&hellip;]","og_url":"https:\/\/oscarssonsbil.se\/de\/salda_bilar\/chevrolet-impala-conv-1965-verkauft\/","og_site_name":"Oscarssons Bilhandel i Mellerud AB","article_publisher":"https:\/\/www.facebook.com\/OscarssonsBil","article_modified_time":"2025-06-17T12:45:06+00:00","og_image":[{"width":800,"height":531,"url":"https:\/\/oscarssonsbil.se\/wp-content\/uploads\/2025\/01\/f4c71e38-2.jpg","type":"image\/jpeg"}],"twitter_card":"summary_large_image","schema":{"@context":"https:\/\/schema.org","@graph":[{"@type":"WebPage","@id":"https:\/\/oscarssonsbil.se\/de\/salda_bilar\/chevrolet-impala-conv-1965-verkauft\/","url":"https:\/\/oscarssonsbil.se\/de\/salda_bilar\/chevrolet-impala-conv-1965-verkauft\/","name":"Chevrolet Impala Conv. 1965 (Verkauft) - Oscarssons Bilhandel i Mellerud AB","isPartOf":{"@id":"https:\/\/oscarssonsbil.se\/de\/#website"},"primaryImageOfPage":{"@id":"https:\/\/oscarssonsbil.se\/de\/salda_bilar\/chevrolet-impala-conv-1965-verkauft\/#primaryimage"},"image":{"@id":"https:\/\/oscarssonsbil.se\/de\/salda_bilar\/chevrolet-impala-conv-1965-verkauft\/#primaryimage"},"thumbnailUrl":"https:\/\/oscarssonsbil.se\/wp-content\/uploads\/2025\/01\/f4c71e38-2.jpg","datePublished":"2025-01-30T06:07:24+00:00","dateModified":"2025-06-17T12:45:06+00:00","breadcrumb":{"@id":"https:\/\/oscarssonsbil.se\/de\/salda_bilar\/chevrolet-impala-conv-1965-verkauft\/#breadcrumb"},"inLanguage":"de","potentialAction":[{"@type":"ReadAction","target":["https:\/\/oscarssonsbil.se\/de\/salda_bilar\/chevrolet-impala-conv-1965-verkauft\/"]}]},{"@type":"ImageObject","inLanguage":"de","@id":"https:\/\/oscarssonsbil.se\/de\/salda_bilar\/chevrolet-impala-conv-1965-verkauft\/#primaryimage","url":"https:\/\/oscarssonsbil.se\/wp-content\/uploads\/2025\/01\/f4c71e38-2.jpg","contentUrl":"https:\/\/oscarssonsbil.se\/wp-content\/uploads\/2025\/01\/f4c71e38-2.jpg","width":800,"height":531},{"@type":"BreadcrumbList","@id":"https:\/\/oscarssonsbil.se\/de\/salda_bilar\/chevrolet-impala-conv-1965-verkauft\/#breadcrumb","itemListElement":[{"@type":"ListItem","position":1,"name":"Hem","item":"https:\/\/oscarssonsbil.se\/de\/"},{"@type":"ListItem","position":2,"name":"Chevrolet Impala Conv. 1965 (Verkauft)"}]},{"@type":"WebSite","@id":"https:\/\/oscarssonsbil.se\/de\/#website","url":"https:\/\/oscarssonsbil.se\/de\/","name":"Oscarssons Bilhandel i Mellerud AB","description":"","publisher":{"@id":"https:\/\/oscarssonsbil.se\/de\/#organization"},"potentialAction":[{"@type":"SearchAction","target":{"@type":"EntryPoint","urlTemplate":"https:\/\/oscarssonsbil.se\/de\/?s={search_term_string}"},"query-input":{"@type":"PropertyValueSpecification","valueRequired":true,"valueName":"search_term_string"}}],"inLanguage":"de"},{"@type":"Organization","@id":"https:\/\/oscarssonsbil.se\/de\/#organization","name":"Oscarssons Bilhandel i Mellerud AB","url":"https:\/\/oscarssonsbil.se\/de\/","logo":{"@type":"ImageObject","inLanguage":"de","@id":"https:\/\/oscarssonsbil.se\/de\/#\/schema\/logo\/image\/","url":"https:\/\/oscarssonsbil.se\/wp-content\/uploads\/2025\/02\/logo-no-nr.png","contentUrl":"https:\/\/oscarssonsbil.se\/wp-content\/uploads\/2025\/02\/logo-no-nr.png","width":2316,"height":484,"caption":"Oscarssons Bilhandel i Mellerud AB"},"image":{"@id":"https:\/\/oscarssonsbil.se\/de\/#\/schema\/logo\/image\/"},"sameAs":["https:\/\/www.facebook.com\/OscarssonsBil"]}]}},"_links":{"self":[{"href":"https:\/\/oscarssonsbil.se\/de\/wp-json\/wp\/v2\/salda_bilar\/293965","targetHints":{"allow":["GET"]}}],"collection":[{"href":"https:\/\/oscarssonsbil.se\/de\/wp-json\/wp\/v2\/salda_bilar"}],"about":[{"href":"https:\/\/oscarssonsbil.se\/de\/wp-json\/wp\/v2\/types\/salda_bilar"}],"wp:featuredmedia":[{"embeddable":true,"href":"https:\/\/oscarssonsbil.se\/de\/wp-json\/wp\/v2\/media\/290218"}],"wp:attachment":[{"href":"https:\/\/oscarssonsbil.se\/de\/wp-json\/wp\/v2\/media?parent=293965"}],"curies":[{"name":"wp","href":"https:\/\/api.w.org\/{rel}","templated":true}]}}

<p>  ein sehr schönes Auto in der richtigen Farbkombination rot mit schwarzem Interieur und Cabrio. Das Auto soll nur 67.077 Meilen (10.800 Meilen) haben und es macht einen fantastischen Eindruck und läuft sehr schön. Es soll nur 2 Vorbesitzer gehabt haben, von denen der letzte es 20 Jahre lang besaß!    </p>
<p>Ein temperamentvoller und laufruhiger 283 V8 mit Power Glide-Automatikgetriebe und ausgestattet mit Servolenkung / Servobremsen / Elcabriolet / Doppelaußenspiegeln / etc.</p>
<p>Verkauft an Uddevalla!</p>

<!-- This site is optimized with the Yoast SEO plugin v25.7 - https://yoast.com/wordpress/plugins/seo/ -->
<title>Chevrolet Impala Conv. 1965 (Verkauft) - Oscarssons Bilhandel i Mellerud AB</title>
<meta name="robots" content="index, follow, max-snippet:-1, max-image-preview:large, max-video-preview:-1" />
<link rel="canonical" href="https://oscarssonsbil.se/de/salda_bilar/chevrolet-impala-conv-1965-verkauft/" />
<meta property="og:locale" content="de_DE" />
<meta property="og:type" content="article" />
<meta property="og:title" content="Chevrolet Impala Conv. 1965 (Verkauft) - Oscarssons Bilhandel i Mellerud AB" />
<meta property="og:description" content="ein sehr schönes Auto in der richtigen Farbkombination rot mit schwarzem Interieur und Cabrio. Das Auto soll nur 67.077 Meilen (10.800 Meilen) haben und es macht einen fantastischen Eindruck und läuft sehr schön. Es soll nur 2 Vorbesitzer gehabt haben, von denen der letzte es 20 Jahre lang besaß! Ein temperamentvoller und laufruhiger 283 V8 [&hellip;]" />
<meta property="og:url" content="https://oscarssonsbil.se/de/salda_bilar/chevrolet-impala-conv-1965-verkauft/" />
<meta property="og:site_name" content="Oscarssons Bilhandel i Mellerud AB" />
<meta property="article:publisher" content="https://www.facebook.com/OscarssonsBil" />
<meta property="article:modified_time" content="2025-06-17T12:45:06+00:00" />
<meta property="og:image" content="https://oscarssonsbil.se/wp-content/uploads/2025/01/f4c71e38-2.jpg" />
	<meta property="og:image:width" content="800" />
	<meta property="og:image:height" content="531" />
	<meta property="og:image:type" content="image/jpeg" />
<meta name="twitter:card" content="summary_large_image" />
<script type="application/ld+json" class="yoast-schema-graph">{"@context":"https://schema.org","@graph":[{"@type":"WebPage","@id":"https://oscarssonsbil.se/de/salda_bilar/chevrolet-impala-conv-1965-verkauft/","url":"https://oscarssonsbil.se/de/salda_bilar/chevrolet-impala-conv-1965-verkauft/","name":"Chevrolet Impala Conv. 1965 (Verkauft) - Oscarssons Bilhandel i Mellerud AB","isPartOf":{"@id":"https://oscarssonsbil.se/de/#website"},"primaryImageOfPage":{"@id":"https://oscarssonsbil.se/de/salda_bilar/chevrolet-impala-conv-1965-verkauft/#primaryimage"},"image":{"@id":"https://oscarssonsbil.se/de/salda_bilar/chevrolet-impala-conv-1965-verkauft/#primaryimage"},"thumbnailUrl":"https://oscarssonsbil.se/wp-content/uploads/2025/01/f4c71e38-2.jpg","datePublished":"2025-01-30T06:07:24+00:00","dateModified":"2025-06-17T12:45:06+00:00","breadcrumb":{"@id":"https://oscarssonsbil.se/de/salda_bilar/chevrolet-impala-conv-1965-verkauft/#breadcrumb"},"inLanguage":"de","potentialAction":[{"@type":"ReadAction","target":["https://oscarssonsbil.se/de/salda_bilar/chevrolet-impala-conv-1965-verkauft/"]}]},{"@type":"ImageObject","inLanguage":"de","@id":"https://oscarssonsbil.se/de/salda_bilar/chevrolet-impala-conv-1965-verkauft/#primaryimage","url":"https://oscarssonsbil.se/wp-content/uploads/2025/01/f4c71e38-2.jpg","contentUrl":"https://oscarssonsbil.se/wp-content/uploads/2025/01/f4c71e38-2.jpg","width":800,"height":531},{"@type":"BreadcrumbList","@id":"https://oscarssonsbil.se/de/salda_bilar/chevrolet-impala-conv-1965-verkauft/#breadcrumb","itemListElement":[{"@type":"ListItem","position":1,"name":"Hem","item":"https://oscarssonsbil.se/de/"},{"@type":"ListItem","position":2,"name":"Chevrolet Impala Conv. 1965 (Verkauft)"}]},{"@type":"WebSite","@id":"https://oscarssonsbil.se/de/#website","url":"https://oscarssonsbil.se/de/","name":"Oscarssons Bilhandel i Mellerud AB","description":"","publisher":{"@id":"https://oscarssonsbil.se/de/#organization"},"potentialAction":[{"@type":"SearchAction","target":{"@type":"EntryPoint","urlTemplate":"https://oscarssonsbil.se/de/?s={search_term_string}"},"query-input":{"@type":"PropertyValueSpecification","valueRequired":true,"valueName":"search_term_string"}}],"inLanguage":"de"},{"@type":"Organization","@id":"https://oscarssonsbil.se/de/#organization","name":"Oscarssons Bilhandel i Mellerud AB","url":"https://oscarssonsbil.se/de/","logo":{"@type":"ImageObject","inLanguage":"de","@id":"https://oscarssonsbil.se/de/#/schema/logo/image/","url":"https://oscarssonsbil.se/wp-content/uploads/2025/02/logo-no-nr.png","contentUrl":"https://oscarssonsbil.se/wp-content/uploads/2025/02/logo-no-nr.png","width":2316,"height":484,"caption":"Oscarssons Bilhandel i Mellerud AB"},"image":{"@id":"https://oscarssonsbil.se/de/#/schema/logo/image/"},"sameAs":["https://www.facebook.com/OscarssonsBil"]}]}</script>
<!-- / Yoast SEO plugin. -->

ein sehr schönes Auto in der richtigen Farbkombination rot mit schwarzem Interieur und Cabrio. Das Auto soll nur 67.077 Meilen (10.800 Meilen) haben und es macht einen fantastischen Eindruck und läuft sehr schön. Es soll nur 2 Vorbesitzer gehabt haben, von denen der letzte es 20 Jahre lang besaß! Ein temperamentvoller und laufruhiger 283 V8 [&hellip;]
