{"id":293936,"date":"2025-01-30T07:07:24","date_gmt":"2025-01-30T06:07:24","guid":{"rendered":"https:\/\/oscarssonsbil.se\/salda_bilar\/cadillac-de-ville-cabrio-1968-verkauft\/"},"modified":"2025-06-17T14:45:52","modified_gmt":"2025-06-17T12:45:52","slug":"cadillac-de-ville-cabrio-1968-verkauft","status":"publish","type":"salda_bilar","link":"https:\/\/oscarssonsbil.se\/de\/salda_bilar\/cadillac-de-ville-cabrio-1968-verkauft\/","title":{"rendered":"Cadillac De Ville Cabrio 1968 (Verkauft)"},"content":{"rendered":"<p>  Ein unbeschreiblich sch\u00f6nes, originales Auto, das bis auf eine hochwertige Neulackierung vor etwa 10 Jahren, bei der auch das Fahrerhaus erneuert wurde, bis auf den \u00fcblichen Service und die Wartung v\u00f6llig unber\u00fchrt ist!<\/p>\n<p>Er wurde 1968 neu von einem Cadillac-H\u00e4ndler bestellt, der den Wagen als Ausstellungsst\u00fcck hatte und ihn nur ab und zu f\u00fcr einen sch\u00f6nen Tag nutzte. Erst um 2007 herum wechselte er den Besitzer und geh\u00f6rt ihm seitdem, bis wir ihn 2018 gekauft haben! <\/p>\n<p>Das Auto hat eine einzigartige Strecke von 41.518 Meilen zur\u00fcckgelegt, was 6.600 Meilen entspricht!<\/p>\n<p>Verkauft an Mellerud!<\/p>\n","protected":false},"featured_media":290503,"template":"","class_list":["post-293936","salda_bilar","type-salda_bilar","status-publish","has-post-thumbnail","hentry"],"acf":[],"yoast_head":"<!-- This site is optimized with the Yoast SEO plugin v25.7 - https:\/\/yoast.com\/wordpress\/plugins\/seo\/ -->\n<title>Cadillac De Ville Cabrio 1968 (Verkauft) - Oscarssons Bilhandel i Mellerud AB<\/title>\n<meta name=\"robots\" content=\"index, follow, max-snippet:-1, max-image-preview:large, max-video-preview:-1\" \/>\n<link rel=\"canonical\" href=\"https:\/\/oscarssonsbil.se\/de\/salda_bilar\/cadillac-de-ville-cabrio-1968-verkauft\/\" \/>\n<meta property=\"og:locale\" content=\"de_DE\" \/>\n<meta property=\"og:type\" content=\"article\" \/>\n<meta property=\"og:title\" content=\"Cadillac De Ville Cabrio 1968 (Verkauft) - Oscarssons Bilhandel i Mellerud AB\" \/>\n<meta property=\"og:description\" content=\"Ein unbeschreiblich sch\u00f6nes, originales Auto, das bis auf eine hochwertige Neulackierung vor etwa 10 Jahren, bei der auch das Fahrerhaus erneuert wurde, bis auf den \u00fcblichen Service und die Wartung v\u00f6llig unber\u00fchrt ist! Er wurde 1968 neu von einem Cadillac-H\u00e4ndler bestellt, der den Wagen als Ausstellungsst\u00fcck hatte und ihn nur ab und zu f\u00fcr einen [&hellip;]\" \/>\n<meta property=\"og:url\" content=\"https:\/\/oscarssonsbil.se\/de\/salda_bilar\/cadillac-de-ville-cabrio-1968-verkauft\/\" \/>\n<meta property=\"og:site_name\" content=\"Oscarssons Bilhandel i Mellerud AB\" \/>\n<meta property=\"article:publisher\" content=\"https:\/\/www.facebook.com\/OscarssonsBil\" \/>\n<meta property=\"article:modified_time\" content=\"2025-06-17T12:45:52+00:00\" \/>\n<meta property=\"og:image\" content=\"https:\/\/oscarssonsbil.se\/wp-content\/uploads\/2025\/01\/e136a5cd-2.jpg\" \/>\n\t<meta property=\"og:image:width\" content=\"800\" \/>\n\t<meta property=\"og:image:height\" content=\"600\" \/>\n\t<meta property=\"og:image:type\" content=\"image\/jpeg\" \/>\n<meta name=\"twitter:card\" content=\"summary_large_image\" \/>\n<script type=\"application\/ld+json\" class=\"yoast-schema-graph\">{\"@context\":\"https:\/\/schema.org\",\"@graph\":[{\"@type\":\"WebPage\",\"@id\":\"https:\/\/oscarssonsbil.se\/de\/salda_bilar\/cadillac-de-ville-cabrio-1968-verkauft\/\",\"url\":\"https:\/\/oscarssonsbil.se\/de\/salda_bilar\/cadillac-de-ville-cabrio-1968-verkauft\/\",\"name\":\"Cadillac De Ville Cabrio 1968 (Verkauft) - Oscarssons Bilhandel i Mellerud AB\",\"isPartOf\":{\"@id\":\"https:\/\/oscarssonsbil.se\/de\/#website\"},\"primaryImageOfPage\":{\"@id\":\"https:\/\/oscarssonsbil.se\/de\/salda_bilar\/cadillac-de-ville-cabrio-1968-verkauft\/#primaryimage\"},\"image\":{\"@id\":\"https:\/\/oscarssonsbil.se\/de\/salda_bilar\/cadillac-de-ville-cabrio-1968-verkauft\/#primaryimage\"},\"thumbnailUrl\":\"https:\/\/oscarssonsbil.se\/wp-content\/uploads\/2025\/01\/e136a5cd-2.jpg\",\"datePublished\":\"2025-01-30T06:07:24+00:00\",\"dateModified\":\"2025-06-17T12:45:52+00:00\",\"breadcrumb\":{\"@id\":\"https:\/\/oscarssonsbil.se\/de\/salda_bilar\/cadillac-de-ville-cabrio-1968-verkauft\/#breadcrumb\"},\"inLanguage\":\"de\",\"potentialAction\":[{\"@type\":\"ReadAction\",\"target\":[\"https:\/\/oscarssonsbil.se\/de\/salda_bilar\/cadillac-de-ville-cabrio-1968-verkauft\/\"]}]},{\"@type\":\"ImageObject\",\"inLanguage\":\"de\",\"@id\":\"https:\/\/oscarssonsbil.se\/de\/salda_bilar\/cadillac-de-ville-cabrio-1968-verkauft\/#primaryimage\",\"url\":\"https:\/\/oscarssonsbil.se\/wp-content\/uploads\/2025\/01\/e136a5cd-2.jpg\",\"contentUrl\":\"https:\/\/oscarssonsbil.se\/wp-content\/uploads\/2025\/01\/e136a5cd-2.jpg\",\"width\":800,\"height\":600},{\"@type\":\"BreadcrumbList\",\"@id\":\"https:\/\/oscarssonsbil.se\/de\/salda_bilar\/cadillac-de-ville-cabrio-1968-verkauft\/#breadcrumb\",\"itemListElement\":[{\"@type\":\"ListItem\",\"position\":1,\"name\":\"Hem\",\"item\":\"https:\/\/oscarssonsbil.se\/de\/\"},{\"@type\":\"ListItem\",\"position\":2,\"name\":\"Cadillac De Ville Cabrio 1968 (Verkauft)\"}]},{\"@type\":\"WebSite\",\"@id\":\"https:\/\/oscarssonsbil.se\/de\/#website\",\"url\":\"https:\/\/oscarssonsbil.se\/de\/\",\"name\":\"Oscarssons Bilhandel i Mellerud AB\",\"description\":\"\",\"publisher\":{\"@id\":\"https:\/\/oscarssonsbil.se\/de\/#organization\"},\"potentialAction\":[{\"@type\":\"SearchAction\",\"target\":{\"@type\":\"EntryPoint\",\"urlTemplate\":\"https:\/\/oscarssonsbil.se\/de\/?s={search_term_string}\"},\"query-input\":{\"@type\":\"PropertyValueSpecification\",\"valueRequired\":true,\"valueName\":\"search_term_string\"}}],\"inLanguage\":\"de\"},{\"@type\":\"Organization\",\"@id\":\"https:\/\/oscarssonsbil.se\/de\/#organization\",\"name\":\"Oscarssons Bilhandel i Mellerud AB\",\"url\":\"https:\/\/oscarssonsbil.se\/de\/\",\"logo\":{\"@type\":\"ImageObject\",\"inLanguage\":\"de\",\"@id\":\"https:\/\/oscarssonsbil.se\/de\/#\/schema\/logo\/image\/\",\"url\":\"https:\/\/oscarssonsbil.se\/wp-content\/uploads\/2025\/02\/logo-no-nr.png\",\"contentUrl\":\"https:\/\/oscarssonsbil.se\/wp-content\/uploads\/2025\/02\/logo-no-nr.png\",\"width\":2316,\"height\":484,\"caption\":\"Oscarssons Bilhandel i Mellerud AB\"},\"image\":{\"@id\":\"https:\/\/oscarssonsbil.se\/de\/#\/schema\/logo\/image\/\"},\"sameAs\":[\"https:\/\/www.facebook.com\/OscarssonsBil\"]}]}<\/script>\n<!-- \/ Yoast SEO plugin. -->","yoast_head_json":{"title":"Cadillac De Ville Cabrio 1968 (Verkauft) - Oscarssons Bilhandel i Mellerud AB","robots":{"index":"index","follow":"follow","max-snippet":"max-snippet:-1","max-image-preview":"max-image-preview:large","max-video-preview":"max-video-preview:-1"},"canonical":"https:\/\/oscarssonsbil.se\/de\/salda_bilar\/cadillac-de-ville-cabrio-1968-verkauft\/","og_locale":"de_DE","og_type":"article","og_title":"Cadillac De Ville Cabrio 1968 (Verkauft) - Oscarssons Bilhandel i Mellerud AB","og_description":"Ein unbeschreiblich sch\u00f6nes, originales Auto, das bis auf eine hochwertige Neulackierung vor etwa 10 Jahren, bei der auch das Fahrerhaus erneuert wurde, bis auf den \u00fcblichen Service und die Wartung v\u00f6llig unber\u00fchrt ist! Er wurde 1968 neu von einem Cadillac-H\u00e4ndler bestellt, der den Wagen als Ausstellungsst\u00fcck hatte und ihn nur ab und zu f\u00fcr einen [&hellip;]","og_url":"https:\/\/oscarssonsbil.se\/de\/salda_bilar\/cadillac-de-ville-cabrio-1968-verkauft\/","og_site_name":"Oscarssons Bilhandel i Mellerud AB","article_publisher":"https:\/\/www.facebook.com\/OscarssonsBil","article_modified_time":"2025-06-17T12:45:52+00:00","og_image":[{"width":800,"height":600,"url":"https:\/\/oscarssonsbil.se\/wp-content\/uploads\/2025\/01\/e136a5cd-2.jpg","type":"image\/jpeg"}],"twitter_card":"summary_large_image","schema":{"@context":"https:\/\/schema.org","@graph":[{"@type":"WebPage","@id":"https:\/\/oscarssonsbil.se\/de\/salda_bilar\/cadillac-de-ville-cabrio-1968-verkauft\/","url":"https:\/\/oscarssonsbil.se\/de\/salda_bilar\/cadillac-de-ville-cabrio-1968-verkauft\/","name":"Cadillac De Ville Cabrio 1968 (Verkauft) - Oscarssons Bilhandel i Mellerud AB","isPartOf":{"@id":"https:\/\/oscarssonsbil.se\/de\/#website"},"primaryImageOfPage":{"@id":"https:\/\/oscarssonsbil.se\/de\/salda_bilar\/cadillac-de-ville-cabrio-1968-verkauft\/#primaryimage"},"image":{"@id":"https:\/\/oscarssonsbil.se\/de\/salda_bilar\/cadillac-de-ville-cabrio-1968-verkauft\/#primaryimage"},"thumbnailUrl":"https:\/\/oscarssonsbil.se\/wp-content\/uploads\/2025\/01\/e136a5cd-2.jpg","datePublished":"2025-01-30T06:07:24+00:00","dateModified":"2025-06-17T12:45:52+00:00","breadcrumb":{"@id":"https:\/\/oscarssonsbil.se\/de\/salda_bilar\/cadillac-de-ville-cabrio-1968-verkauft\/#breadcrumb"},"inLanguage":"de","potentialAction":[{"@type":"ReadAction","target":["https:\/\/oscarssonsbil.se\/de\/salda_bilar\/cadillac-de-ville-cabrio-1968-verkauft\/"]}]},{"@type":"ImageObject","inLanguage":"de","@id":"https:\/\/oscarssonsbil.se\/de\/salda_bilar\/cadillac-de-ville-cabrio-1968-verkauft\/#primaryimage","url":"https:\/\/oscarssonsbil.se\/wp-content\/uploads\/2025\/01\/e136a5cd-2.jpg","contentUrl":"https:\/\/oscarssonsbil.se\/wp-content\/uploads\/2025\/01\/e136a5cd-2.jpg","width":800,"height":600},{"@type":"BreadcrumbList","@id":"https:\/\/oscarssonsbil.se\/de\/salda_bilar\/cadillac-de-ville-cabrio-1968-verkauft\/#breadcrumb","itemListElement":[{"@type":"ListItem","position":1,"name":"Hem","item":"https:\/\/oscarssonsbil.se\/de\/"},{"@type":"ListItem","position":2,"name":"Cadillac De Ville Cabrio 1968 (Verkauft)"}]},{"@type":"WebSite","@id":"https:\/\/oscarssonsbil.se\/de\/#website","url":"https:\/\/oscarssonsbil.se\/de\/","name":"Oscarssons Bilhandel i Mellerud AB","description":"","publisher":{"@id":"https:\/\/oscarssonsbil.se\/de\/#organization"},"potentialAction":[{"@type":"SearchAction","target":{"@type":"EntryPoint","urlTemplate":"https:\/\/oscarssonsbil.se\/de\/?s={search_term_string}"},"query-input":{"@type":"PropertyValueSpecification","valueRequired":true,"valueName":"search_term_string"}}],"inLanguage":"de"},{"@type":"Organization","@id":"https:\/\/oscarssonsbil.se\/de\/#organization","name":"Oscarssons Bilhandel i Mellerud AB","url":"https:\/\/oscarssonsbil.se\/de\/","logo":{"@type":"ImageObject","inLanguage":"de","@id":"https:\/\/oscarssonsbil.se\/de\/#\/schema\/logo\/image\/","url":"https:\/\/oscarssonsbil.se\/wp-content\/uploads\/2025\/02\/logo-no-nr.png","contentUrl":"https:\/\/oscarssonsbil.se\/wp-content\/uploads\/2025\/02\/logo-no-nr.png","width":2316,"height":484,"caption":"Oscarssons Bilhandel i Mellerud AB"},"image":{"@id":"https:\/\/oscarssonsbil.se\/de\/#\/schema\/logo\/image\/"},"sameAs":["https:\/\/www.facebook.com\/OscarssonsBil"]}]}},"_links":{"self":[{"href":"https:\/\/oscarssonsbil.se\/de\/wp-json\/wp\/v2\/salda_bilar\/293936","targetHints":{"allow":["GET"]}}],"collection":[{"href":"https:\/\/oscarssonsbil.se\/de\/wp-json\/wp\/v2\/salda_bilar"}],"about":[{"href":"https:\/\/oscarssonsbil.se\/de\/wp-json\/wp\/v2\/types\/salda_bilar"}],"wp:featuredmedia":[{"embeddable":true,"href":"https:\/\/oscarssonsbil.se\/de\/wp-json\/wp\/v2\/media\/290503"}],"wp:attachment":[{"href":"https:\/\/oscarssonsbil.se\/de\/wp-json\/wp\/v2\/media?parent=293936"}],"curies":[{"name":"wp","href":"https:\/\/api.w.org\/{rel}","templated":true}]}}

<p>  Ein unbeschreiblich schönes, originales Auto, das bis auf eine hochwertige Neulackierung vor etwa 10 Jahren, bei der auch das Fahrerhaus erneuert wurde, bis auf den üblichen Service und die Wartung völlig unberührt ist!</p>
<p>Er wurde 1968 neu von einem Cadillac-Händler bestellt, der den Wagen als Ausstellungsstück hatte und ihn nur ab und zu für einen schönen Tag nutzte. Erst um 2007 herum wechselte er den Besitzer und gehört ihm seitdem, bis wir ihn 2018 gekauft haben! </p>
<p>Das Auto hat eine einzigartige Strecke von 41.518 Meilen zurückgelegt, was 6.600 Meilen entspricht!</p>
<p>Verkauft an Mellerud!</p>

<!-- This site is optimized with the Yoast SEO plugin v25.7 - https://yoast.com/wordpress/plugins/seo/ -->
<title>Cadillac De Ville Cabrio 1968 (Verkauft) - Oscarssons Bilhandel i Mellerud AB</title>
<meta name="robots" content="index, follow, max-snippet:-1, max-image-preview:large, max-video-preview:-1" />
<link rel="canonical" href="https://oscarssonsbil.se/de/salda_bilar/cadillac-de-ville-cabrio-1968-verkauft/" />
<meta property="og:locale" content="de_DE" />
<meta property="og:type" content="article" />
<meta property="og:title" content="Cadillac De Ville Cabrio 1968 (Verkauft) - Oscarssons Bilhandel i Mellerud AB" />
<meta property="og:description" content="Ein unbeschreiblich schönes, originales Auto, das bis auf eine hochwertige Neulackierung vor etwa 10 Jahren, bei der auch das Fahrerhaus erneuert wurde, bis auf den üblichen Service und die Wartung völlig unberührt ist! Er wurde 1968 neu von einem Cadillac-Händler bestellt, der den Wagen als Ausstellungsstück hatte und ihn nur ab und zu für einen [&hellip;]" />
<meta property="og:url" content="https://oscarssonsbil.se/de/salda_bilar/cadillac-de-ville-cabrio-1968-verkauft/" />
<meta property="og:site_name" content="Oscarssons Bilhandel i Mellerud AB" />
<meta property="article:publisher" content="https://www.facebook.com/OscarssonsBil" />
<meta property="article:modified_time" content="2025-06-17T12:45:52+00:00" />
<meta property="og:image" content="https://oscarssonsbil.se/wp-content/uploads/2025/01/e136a5cd-2.jpg" />
	<meta property="og:image:width" content="800" />
	<meta property="og:image:height" content="600" />
	<meta property="og:image:type" content="image/jpeg" />
<meta name="twitter:card" content="summary_large_image" />
<script type="application/ld+json" class="yoast-schema-graph">{"@context":"https://schema.org","@graph":[{"@type":"WebPage","@id":"https://oscarssonsbil.se/de/salda_bilar/cadillac-de-ville-cabrio-1968-verkauft/","url":"https://oscarssonsbil.se/de/salda_bilar/cadillac-de-ville-cabrio-1968-verkauft/","name":"Cadillac De Ville Cabrio 1968 (Verkauft) - Oscarssons Bilhandel i Mellerud AB","isPartOf":{"@id":"https://oscarssonsbil.se/de/#website"},"primaryImageOfPage":{"@id":"https://oscarssonsbil.se/de/salda_bilar/cadillac-de-ville-cabrio-1968-verkauft/#primaryimage"},"image":{"@id":"https://oscarssonsbil.se/de/salda_bilar/cadillac-de-ville-cabrio-1968-verkauft/#primaryimage"},"thumbnailUrl":"https://oscarssonsbil.se/wp-content/uploads/2025/01/e136a5cd-2.jpg","datePublished":"2025-01-30T06:07:24+00:00","dateModified":"2025-06-17T12:45:52+00:00","breadcrumb":{"@id":"https://oscarssonsbil.se/de/salda_bilar/cadillac-de-ville-cabrio-1968-verkauft/#breadcrumb"},"inLanguage":"de","potentialAction":[{"@type":"ReadAction","target":["https://oscarssonsbil.se/de/salda_bilar/cadillac-de-ville-cabrio-1968-verkauft/"]}]},{"@type":"ImageObject","inLanguage":"de","@id":"https://oscarssonsbil.se/de/salda_bilar/cadillac-de-ville-cabrio-1968-verkauft/#primaryimage","url":"https://oscarssonsbil.se/wp-content/uploads/2025/01/e136a5cd-2.jpg","contentUrl":"https://oscarssonsbil.se/wp-content/uploads/2025/01/e136a5cd-2.jpg","width":800,"height":600},{"@type":"BreadcrumbList","@id":"https://oscarssonsbil.se/de/salda_bilar/cadillac-de-ville-cabrio-1968-verkauft/#breadcrumb","itemListElement":[{"@type":"ListItem","position":1,"name":"Hem","item":"https://oscarssonsbil.se/de/"},{"@type":"ListItem","position":2,"name":"Cadillac De Ville Cabrio 1968 (Verkauft)"}]},{"@type":"WebSite","@id":"https://oscarssonsbil.se/de/#website","url":"https://oscarssonsbil.se/de/","name":"Oscarssons Bilhandel i Mellerud AB","description":"","publisher":{"@id":"https://oscarssonsbil.se/de/#organization"},"potentialAction":[{"@type":"SearchAction","target":{"@type":"EntryPoint","urlTemplate":"https://oscarssonsbil.se/de/?s={search_term_string}"},"query-input":{"@type":"PropertyValueSpecification","valueRequired":true,"valueName":"search_term_string"}}],"inLanguage":"de"},{"@type":"Organization","@id":"https://oscarssonsbil.se/de/#organization","name":"Oscarssons Bilhandel i Mellerud AB","url":"https://oscarssonsbil.se/de/","logo":{"@type":"ImageObject","inLanguage":"de","@id":"https://oscarssonsbil.se/de/#/schema/logo/image/","url":"https://oscarssonsbil.se/wp-content/uploads/2025/02/logo-no-nr.png","contentUrl":"https://oscarssonsbil.se/wp-content/uploads/2025/02/logo-no-nr.png","width":2316,"height":484,"caption":"Oscarssons Bilhandel i Mellerud AB"},"image":{"@id":"https://oscarssonsbil.se/de/#/schema/logo/image/"},"sameAs":["https://www.facebook.com/OscarssonsBil"]}]}</script>
<!-- / Yoast SEO plugin. -->

Ein unbeschreiblich schönes, originales Auto, das bis auf eine hochwertige Neulackierung vor etwa 10 Jahren, bei der auch das Fahrerhaus erneuert wurde, bis auf den üblichen Service und die Wartung völlig unberührt ist! Er wurde 1968 neu von einem Cadillac-Händler bestellt, der den Wagen als Ausstellungsstück hatte und ihn nur ab und zu für einen [&hellip;]
