{"id":293926,"date":"2025-01-30T07:07:24","date_gmt":"2025-01-30T06:07:24","guid":{"rendered":"https:\/\/oscarssonsbil.se\/salda_bilar\/buick-electra-225-cabrio-1967-verkauft\/"},"modified":"2025-06-17T14:46:34","modified_gmt":"2025-06-17T12:46:34","slug":"buick-electra-225-cabrio-1967-verkauft","status":"publish","type":"salda_bilar","link":"https:\/\/oscarssonsbil.se\/de\/salda_bilar\/buick-electra-225-cabrio-1967-verkauft\/","title":{"rendered":"Buick Electra 225 Cabrio 1967 (Verkauft)"},"content":{"rendered":"<p>  Ein sehr attraktives &amp; rostfreies Auto aus dem trockenen Staat Oregon. Eleganter &amp; ansprechender Fullsize-Wagen in Wei\u00df mit wei\u00dfem Fahrerhaus und rotem Interieur! <\/p>\n<p>Das Auto l\u00e4uft sehr gut und ist frisch gewartet und gepflegt!<\/p>\n<p>Ausgestattet mit Servolenkung, Servobremsen, elektrischen Hebeb\u00fchnen, elektrischem Sofa, Speed Alert, elektrischer Antenne, Nippon Stereo (Bandare), Glasfenster im Fahrerhaus, etc.<\/p>\n<p>Verkauft an V\u00e4nersborg!<\/p>\n","protected":false},"featured_media":290638,"template":"","class_list":["post-293926","salda_bilar","type-salda_bilar","status-publish","has-post-thumbnail","hentry"],"acf":[],"yoast_head":"<!-- This site is optimized with the Yoast SEO plugin v25.7 - https:\/\/yoast.com\/wordpress\/plugins\/seo\/ -->\n<title>Buick Electra 225 Cabrio 1967 (Verkauft) - Oscarssons Bilhandel i Mellerud AB<\/title>\n<meta name=\"robots\" content=\"index, follow, max-snippet:-1, max-image-preview:large, max-video-preview:-1\" \/>\n<link rel=\"canonical\" href=\"https:\/\/oscarssonsbil.se\/de\/salda_bilar\/buick-electra-225-cabrio-1967-verkauft\/\" \/>\n<meta property=\"og:locale\" content=\"de_DE\" \/>\n<meta property=\"og:type\" content=\"article\" \/>\n<meta property=\"og:title\" content=\"Buick Electra 225 Cabrio 1967 (Verkauft) - Oscarssons Bilhandel i Mellerud AB\" \/>\n<meta property=\"og:description\" content=\"Ein sehr attraktives &amp; rostfreies Auto aus dem trockenen Staat Oregon. Eleganter &amp; ansprechender Fullsize-Wagen in Wei\u00df mit wei\u00dfem Fahrerhaus und rotem Interieur! Das Auto l\u00e4uft sehr gut und ist frisch gewartet und gepflegt! Ausgestattet mit Servolenkung, Servobremsen, elektrischen Hebeb\u00fchnen, elektrischem Sofa, Speed Alert, elektrischer Antenne, Nippon Stereo (Bandare), Glasfenster im Fahrerhaus, etc. Verkauft an [&hellip;]\" \/>\n<meta property=\"og:url\" content=\"https:\/\/oscarssonsbil.se\/de\/salda_bilar\/buick-electra-225-cabrio-1967-verkauft\/\" \/>\n<meta property=\"og:site_name\" content=\"Oscarssons Bilhandel i Mellerud AB\" \/>\n<meta property=\"article:publisher\" content=\"https:\/\/www.facebook.com\/OscarssonsBil\" \/>\n<meta property=\"article:modified_time\" content=\"2025-06-17T12:46:34+00:00\" \/>\n<meta property=\"og:image\" content=\"https:\/\/oscarssonsbil.se\/wp-content\/uploads\/2025\/01\/5199d130-2.jpg\" \/>\n\t<meta property=\"og:image:width\" content=\"800\" \/>\n\t<meta property=\"og:image:height\" content=\"531\" \/>\n\t<meta property=\"og:image:type\" content=\"image\/jpeg\" \/>\n<meta name=\"twitter:card\" content=\"summary_large_image\" \/>\n<script type=\"application\/ld+json\" class=\"yoast-schema-graph\">{\"@context\":\"https:\/\/schema.org\",\"@graph\":[{\"@type\":\"WebPage\",\"@id\":\"https:\/\/oscarssonsbil.se\/de\/salda_bilar\/buick-electra-225-cabrio-1967-verkauft\/\",\"url\":\"https:\/\/oscarssonsbil.se\/de\/salda_bilar\/buick-electra-225-cabrio-1967-verkauft\/\",\"name\":\"Buick Electra 225 Cabrio 1967 (Verkauft) - Oscarssons Bilhandel i Mellerud AB\",\"isPartOf\":{\"@id\":\"https:\/\/oscarssonsbil.se\/de\/#website\"},\"primaryImageOfPage\":{\"@id\":\"https:\/\/oscarssonsbil.se\/de\/salda_bilar\/buick-electra-225-cabrio-1967-verkauft\/#primaryimage\"},\"image\":{\"@id\":\"https:\/\/oscarssonsbil.se\/de\/salda_bilar\/buick-electra-225-cabrio-1967-verkauft\/#primaryimage\"},\"thumbnailUrl\":\"https:\/\/oscarssonsbil.se\/wp-content\/uploads\/2025\/01\/5199d130-2.jpg\",\"datePublished\":\"2025-01-30T06:07:24+00:00\",\"dateModified\":\"2025-06-17T12:46:34+00:00\",\"breadcrumb\":{\"@id\":\"https:\/\/oscarssonsbil.se\/de\/salda_bilar\/buick-electra-225-cabrio-1967-verkauft\/#breadcrumb\"},\"inLanguage\":\"de\",\"potentialAction\":[{\"@type\":\"ReadAction\",\"target\":[\"https:\/\/oscarssonsbil.se\/de\/salda_bilar\/buick-electra-225-cabrio-1967-verkauft\/\"]}]},{\"@type\":\"ImageObject\",\"inLanguage\":\"de\",\"@id\":\"https:\/\/oscarssonsbil.se\/de\/salda_bilar\/buick-electra-225-cabrio-1967-verkauft\/#primaryimage\",\"url\":\"https:\/\/oscarssonsbil.se\/wp-content\/uploads\/2025\/01\/5199d130-2.jpg\",\"contentUrl\":\"https:\/\/oscarssonsbil.se\/wp-content\/uploads\/2025\/01\/5199d130-2.jpg\",\"width\":800,\"height\":531},{\"@type\":\"BreadcrumbList\",\"@id\":\"https:\/\/oscarssonsbil.se\/de\/salda_bilar\/buick-electra-225-cabrio-1967-verkauft\/#breadcrumb\",\"itemListElement\":[{\"@type\":\"ListItem\",\"position\":1,\"name\":\"Hem\",\"item\":\"https:\/\/oscarssonsbil.se\/de\/\"},{\"@type\":\"ListItem\",\"position\":2,\"name\":\"Buick Electra 225 Cabrio 1967 (Verkauft)\"}]},{\"@type\":\"WebSite\",\"@id\":\"https:\/\/oscarssonsbil.se\/de\/#website\",\"url\":\"https:\/\/oscarssonsbil.se\/de\/\",\"name\":\"Oscarssons Bilhandel i Mellerud AB\",\"description\":\"\",\"publisher\":{\"@id\":\"https:\/\/oscarssonsbil.se\/de\/#organization\"},\"potentialAction\":[{\"@type\":\"SearchAction\",\"target\":{\"@type\":\"EntryPoint\",\"urlTemplate\":\"https:\/\/oscarssonsbil.se\/de\/?s={search_term_string}\"},\"query-input\":{\"@type\":\"PropertyValueSpecification\",\"valueRequired\":true,\"valueName\":\"search_term_string\"}}],\"inLanguage\":\"de\"},{\"@type\":\"Organization\",\"@id\":\"https:\/\/oscarssonsbil.se\/de\/#organization\",\"name\":\"Oscarssons Bilhandel i Mellerud AB\",\"url\":\"https:\/\/oscarssonsbil.se\/de\/\",\"logo\":{\"@type\":\"ImageObject\",\"inLanguage\":\"de\",\"@id\":\"https:\/\/oscarssonsbil.se\/de\/#\/schema\/logo\/image\/\",\"url\":\"https:\/\/oscarssonsbil.se\/wp-content\/uploads\/2025\/02\/logo-no-nr.png\",\"contentUrl\":\"https:\/\/oscarssonsbil.se\/wp-content\/uploads\/2025\/02\/logo-no-nr.png\",\"width\":2316,\"height\":484,\"caption\":\"Oscarssons Bilhandel i Mellerud AB\"},\"image\":{\"@id\":\"https:\/\/oscarssonsbil.se\/de\/#\/schema\/logo\/image\/\"},\"sameAs\":[\"https:\/\/www.facebook.com\/OscarssonsBil\"]}]}<\/script>\n<!-- \/ Yoast SEO plugin. -->","yoast_head_json":{"title":"Buick Electra 225 Cabrio 1967 (Verkauft) - Oscarssons Bilhandel i Mellerud AB","robots":{"index":"index","follow":"follow","max-snippet":"max-snippet:-1","max-image-preview":"max-image-preview:large","max-video-preview":"max-video-preview:-1"},"canonical":"https:\/\/oscarssonsbil.se\/de\/salda_bilar\/buick-electra-225-cabrio-1967-verkauft\/","og_locale":"de_DE","og_type":"article","og_title":"Buick Electra 225 Cabrio 1967 (Verkauft) - Oscarssons Bilhandel i Mellerud AB","og_description":"Ein sehr attraktives &amp; rostfreies Auto aus dem trockenen Staat Oregon. Eleganter &amp; ansprechender Fullsize-Wagen in Wei\u00df mit wei\u00dfem Fahrerhaus und rotem Interieur! Das Auto l\u00e4uft sehr gut und ist frisch gewartet und gepflegt! Ausgestattet mit Servolenkung, Servobremsen, elektrischen Hebeb\u00fchnen, elektrischem Sofa, Speed Alert, elektrischer Antenne, Nippon Stereo (Bandare), Glasfenster im Fahrerhaus, etc. Verkauft an [&hellip;]","og_url":"https:\/\/oscarssonsbil.se\/de\/salda_bilar\/buick-electra-225-cabrio-1967-verkauft\/","og_site_name":"Oscarssons Bilhandel i Mellerud AB","article_publisher":"https:\/\/www.facebook.com\/OscarssonsBil","article_modified_time":"2025-06-17T12:46:34+00:00","og_image":[{"width":800,"height":531,"url":"https:\/\/oscarssonsbil.se\/wp-content\/uploads\/2025\/01\/5199d130-2.jpg","type":"image\/jpeg"}],"twitter_card":"summary_large_image","schema":{"@context":"https:\/\/schema.org","@graph":[{"@type":"WebPage","@id":"https:\/\/oscarssonsbil.se\/de\/salda_bilar\/buick-electra-225-cabrio-1967-verkauft\/","url":"https:\/\/oscarssonsbil.se\/de\/salda_bilar\/buick-electra-225-cabrio-1967-verkauft\/","name":"Buick Electra 225 Cabrio 1967 (Verkauft) - Oscarssons Bilhandel i Mellerud AB","isPartOf":{"@id":"https:\/\/oscarssonsbil.se\/de\/#website"},"primaryImageOfPage":{"@id":"https:\/\/oscarssonsbil.se\/de\/salda_bilar\/buick-electra-225-cabrio-1967-verkauft\/#primaryimage"},"image":{"@id":"https:\/\/oscarssonsbil.se\/de\/salda_bilar\/buick-electra-225-cabrio-1967-verkauft\/#primaryimage"},"thumbnailUrl":"https:\/\/oscarssonsbil.se\/wp-content\/uploads\/2025\/01\/5199d130-2.jpg","datePublished":"2025-01-30T06:07:24+00:00","dateModified":"2025-06-17T12:46:34+00:00","breadcrumb":{"@id":"https:\/\/oscarssonsbil.se\/de\/salda_bilar\/buick-electra-225-cabrio-1967-verkauft\/#breadcrumb"},"inLanguage":"de","potentialAction":[{"@type":"ReadAction","target":["https:\/\/oscarssonsbil.se\/de\/salda_bilar\/buick-electra-225-cabrio-1967-verkauft\/"]}]},{"@type":"ImageObject","inLanguage":"de","@id":"https:\/\/oscarssonsbil.se\/de\/salda_bilar\/buick-electra-225-cabrio-1967-verkauft\/#primaryimage","url":"https:\/\/oscarssonsbil.se\/wp-content\/uploads\/2025\/01\/5199d130-2.jpg","contentUrl":"https:\/\/oscarssonsbil.se\/wp-content\/uploads\/2025\/01\/5199d130-2.jpg","width":800,"height":531},{"@type":"BreadcrumbList","@id":"https:\/\/oscarssonsbil.se\/de\/salda_bilar\/buick-electra-225-cabrio-1967-verkauft\/#breadcrumb","itemListElement":[{"@type":"ListItem","position":1,"name":"Hem","item":"https:\/\/oscarssonsbil.se\/de\/"},{"@type":"ListItem","position":2,"name":"Buick Electra 225 Cabrio 1967 (Verkauft)"}]},{"@type":"WebSite","@id":"https:\/\/oscarssonsbil.se\/de\/#website","url":"https:\/\/oscarssonsbil.se\/de\/","name":"Oscarssons Bilhandel i Mellerud AB","description":"","publisher":{"@id":"https:\/\/oscarssonsbil.se\/de\/#organization"},"potentialAction":[{"@type":"SearchAction","target":{"@type":"EntryPoint","urlTemplate":"https:\/\/oscarssonsbil.se\/de\/?s={search_term_string}"},"query-input":{"@type":"PropertyValueSpecification","valueRequired":true,"valueName":"search_term_string"}}],"inLanguage":"de"},{"@type":"Organization","@id":"https:\/\/oscarssonsbil.se\/de\/#organization","name":"Oscarssons Bilhandel i Mellerud AB","url":"https:\/\/oscarssonsbil.se\/de\/","logo":{"@type":"ImageObject","inLanguage":"de","@id":"https:\/\/oscarssonsbil.se\/de\/#\/schema\/logo\/image\/","url":"https:\/\/oscarssonsbil.se\/wp-content\/uploads\/2025\/02\/logo-no-nr.png","contentUrl":"https:\/\/oscarssonsbil.se\/wp-content\/uploads\/2025\/02\/logo-no-nr.png","width":2316,"height":484,"caption":"Oscarssons Bilhandel i Mellerud AB"},"image":{"@id":"https:\/\/oscarssonsbil.se\/de\/#\/schema\/logo\/image\/"},"sameAs":["https:\/\/www.facebook.com\/OscarssonsBil"]}]}},"_links":{"self":[{"href":"https:\/\/oscarssonsbil.se\/de\/wp-json\/wp\/v2\/salda_bilar\/293926","targetHints":{"allow":["GET"]}}],"collection":[{"href":"https:\/\/oscarssonsbil.se\/de\/wp-json\/wp\/v2\/salda_bilar"}],"about":[{"href":"https:\/\/oscarssonsbil.se\/de\/wp-json\/wp\/v2\/types\/salda_bilar"}],"wp:featuredmedia":[{"embeddable":true,"href":"https:\/\/oscarssonsbil.se\/de\/wp-json\/wp\/v2\/media\/290638"}],"wp:attachment":[{"href":"https:\/\/oscarssonsbil.se\/de\/wp-json\/wp\/v2\/media?parent=293926"}],"curies":[{"name":"wp","href":"https:\/\/api.w.org\/{rel}","templated":true}]}}

<p>  Ein sehr attraktives &amp; rostfreies Auto aus dem trockenen Staat Oregon. Eleganter &amp; ansprechender Fullsize-Wagen in Weiß mit weißem Fahrerhaus und rotem Interieur! </p>
<p>Das Auto läuft sehr gut und ist frisch gewartet und gepflegt!</p>
<p>Ausgestattet mit Servolenkung, Servobremsen, elektrischen Hebebühnen, elektrischem Sofa, Speed Alert, elektrischer Antenne, Nippon Stereo (Bandare), Glasfenster im Fahrerhaus, etc.</p>
<p>Verkauft an Vänersborg!</p>

<!-- This site is optimized with the Yoast SEO plugin v25.7 - https://yoast.com/wordpress/plugins/seo/ -->
<title>Buick Electra 225 Cabrio 1967 (Verkauft) - Oscarssons Bilhandel i Mellerud AB</title>
<meta name="robots" content="index, follow, max-snippet:-1, max-image-preview:large, max-video-preview:-1" />
<link rel="canonical" href="https://oscarssonsbil.se/de/salda_bilar/buick-electra-225-cabrio-1967-verkauft/" />
<meta property="og:locale" content="de_DE" />
<meta property="og:type" content="article" />
<meta property="og:title" content="Buick Electra 225 Cabrio 1967 (Verkauft) - Oscarssons Bilhandel i Mellerud AB" />
<meta property="og:description" content="Ein sehr attraktives &amp; rostfreies Auto aus dem trockenen Staat Oregon. Eleganter &amp; ansprechender Fullsize-Wagen in Weiß mit weißem Fahrerhaus und rotem Interieur! Das Auto läuft sehr gut und ist frisch gewartet und gepflegt! Ausgestattet mit Servolenkung, Servobremsen, elektrischen Hebebühnen, elektrischem Sofa, Speed Alert, elektrischer Antenne, Nippon Stereo (Bandare), Glasfenster im Fahrerhaus, etc. Verkauft an [&hellip;]" />
<meta property="og:url" content="https://oscarssonsbil.se/de/salda_bilar/buick-electra-225-cabrio-1967-verkauft/" />
<meta property="og:site_name" content="Oscarssons Bilhandel i Mellerud AB" />
<meta property="article:publisher" content="https://www.facebook.com/OscarssonsBil" />
<meta property="article:modified_time" content="2025-06-17T12:46:34+00:00" />
<meta property="og:image" content="https://oscarssonsbil.se/wp-content/uploads/2025/01/5199d130-2.jpg" />
	<meta property="og:image:width" content="800" />
	<meta property="og:image:height" content="531" />
	<meta property="og:image:type" content="image/jpeg" />
<meta name="twitter:card" content="summary_large_image" />
<script type="application/ld+json" class="yoast-schema-graph">{"@context":"https://schema.org","@graph":[{"@type":"WebPage","@id":"https://oscarssonsbil.se/de/salda_bilar/buick-electra-225-cabrio-1967-verkauft/","url":"https://oscarssonsbil.se/de/salda_bilar/buick-electra-225-cabrio-1967-verkauft/","name":"Buick Electra 225 Cabrio 1967 (Verkauft) - Oscarssons Bilhandel i Mellerud AB","isPartOf":{"@id":"https://oscarssonsbil.se/de/#website"},"primaryImageOfPage":{"@id":"https://oscarssonsbil.se/de/salda_bilar/buick-electra-225-cabrio-1967-verkauft/#primaryimage"},"image":{"@id":"https://oscarssonsbil.se/de/salda_bilar/buick-electra-225-cabrio-1967-verkauft/#primaryimage"},"thumbnailUrl":"https://oscarssonsbil.se/wp-content/uploads/2025/01/5199d130-2.jpg","datePublished":"2025-01-30T06:07:24+00:00","dateModified":"2025-06-17T12:46:34+00:00","breadcrumb":{"@id":"https://oscarssonsbil.se/de/salda_bilar/buick-electra-225-cabrio-1967-verkauft/#breadcrumb"},"inLanguage":"de","potentialAction":[{"@type":"ReadAction","target":["https://oscarssonsbil.se/de/salda_bilar/buick-electra-225-cabrio-1967-verkauft/"]}]},{"@type":"ImageObject","inLanguage":"de","@id":"https://oscarssonsbil.se/de/salda_bilar/buick-electra-225-cabrio-1967-verkauft/#primaryimage","url":"https://oscarssonsbil.se/wp-content/uploads/2025/01/5199d130-2.jpg","contentUrl":"https://oscarssonsbil.se/wp-content/uploads/2025/01/5199d130-2.jpg","width":800,"height":531},{"@type":"BreadcrumbList","@id":"https://oscarssonsbil.se/de/salda_bilar/buick-electra-225-cabrio-1967-verkauft/#breadcrumb","itemListElement":[{"@type":"ListItem","position":1,"name":"Hem","item":"https://oscarssonsbil.se/de/"},{"@type":"ListItem","position":2,"name":"Buick Electra 225 Cabrio 1967 (Verkauft)"}]},{"@type":"WebSite","@id":"https://oscarssonsbil.se/de/#website","url":"https://oscarssonsbil.se/de/","name":"Oscarssons Bilhandel i Mellerud AB","description":"","publisher":{"@id":"https://oscarssonsbil.se/de/#organization"},"potentialAction":[{"@type":"SearchAction","target":{"@type":"EntryPoint","urlTemplate":"https://oscarssonsbil.se/de/?s={search_term_string}"},"query-input":{"@type":"PropertyValueSpecification","valueRequired":true,"valueName":"search_term_string"}}],"inLanguage":"de"},{"@type":"Organization","@id":"https://oscarssonsbil.se/de/#organization","name":"Oscarssons Bilhandel i Mellerud AB","url":"https://oscarssonsbil.se/de/","logo":{"@type":"ImageObject","inLanguage":"de","@id":"https://oscarssonsbil.se/de/#/schema/logo/image/","url":"https://oscarssonsbil.se/wp-content/uploads/2025/02/logo-no-nr.png","contentUrl":"https://oscarssonsbil.se/wp-content/uploads/2025/02/logo-no-nr.png","width":2316,"height":484,"caption":"Oscarssons Bilhandel i Mellerud AB"},"image":{"@id":"https://oscarssonsbil.se/de/#/schema/logo/image/"},"sameAs":["https://www.facebook.com/OscarssonsBil"]}]}</script>
<!-- / Yoast SEO plugin. -->

Ein sehr attraktives &amp; rostfreies Auto aus dem trockenen Staat Oregon. Eleganter &amp; ansprechender Fullsize-Wagen in Weiß mit weißem Fahrerhaus und rotem Interieur! Das Auto läuft sehr gut und ist frisch gewartet und gepflegt! Ausgestattet mit Servolenkung, Servobremsen, elektrischen Hebebühnen, elektrischem Sofa, Speed Alert, elektrischer Antenne, Nippon Stereo (Bandare), Glasfenster im Fahrerhaus, etc. Verkauft an [&hellip;]
