{"id":293792,"date":"2025-01-30T07:07:25","date_gmt":"2025-01-30T06:07:25","guid":{"rendered":"https:\/\/oscarssonsbil.se\/salda_bilar\/cadillac-coupe-de-ville-1958-verkauft\/"},"modified":"2025-06-17T14:32:55","modified_gmt":"2025-06-17T12:32:55","slug":"cadillac-coupe-de-ville-1958-verkauft","status":"publish","type":"salda_bilar","link":"https:\/\/oscarssonsbil.se\/de\/salda_bilar\/cadillac-coupe-de-ville-1958-verkauft\/","title":{"rendered":"Cadillac Coupe De Ville 1958 (Verkauft)"},"content":{"rendered":"<p>  Verkauft.  <\/p>\n<p>Cadillac Coupe De Ville 1958!<br \/>Sehr ansprechender Cadillac aus dem beliebten Jahr 1958!<\/p>\n<p>Wirklich sch\u00f6nes Auto, das in vielerlei Hinsicht unber\u00fchrten Originalzustand atmet, aber aufgrund der Jahre, die vergangen sind, noch 65 Jahre auf dem Buckel hat und eine sehr sch\u00f6ne Neulackierung und eine neue Innenausstattung erhalten hat!<br \/>Sehr guter Zustand!<\/p>\n<p>F\u00fcr weitere Informationen:<br \/>Thomas 0530-40402<\/p>\n<p>Oscarssons Bil AB wurde 1981 von Jan Oscarsson gegr\u00fcndet und wird heute, 42 Jahre sp\u00e4ter, immer noch von Jan und seinem Bruder Thomas Oscarsson und seinen Mitarbeitern gef\u00fchrt. Wir haben seit unserer Gr\u00fcndung etwa 13.000 Fahrzeuge verkauft und verf\u00fcgen \u00fcber die h\u00f6chste Kreditw\u00fcrdigkeit, so dass Sie sich vertrauensvoll an uns wenden k\u00f6nnen, wenn Sie Gesch\u00e4fte machen wollen!<br \/>WIR KAUFEN, TAUSCHEN, VERKAUFEN, FINANZIEREN UND VERKAUFEN IHR AUTO F\u00dcR SIE, WENN SIE ES W\u00dcNSCHEN!<br \/>Wenn Sie m\u00f6chten, k\u00f6nnen wir auch die Anzahlung organisieren!<br \/>Wir konzentrieren uns jetzt auf wirklich sch\u00f6ne Autos aus den USA und andere Liebhaberfahrzeuge aus den Jahren 1950-1970, was unsere Leidenschaft, unser Hobby und unsere Arbeit ist!<br \/>Aber wir arbeiten auch mit neueren Transportern und Autos!<br \/>Willkommen bei uns in Mellerud, das am V\u00e4nernsee auf halbem Weg zwischen Karlstad und G\u00f6teborg liegt!<br \/>0530-40400, 40401, 40402.<br \/>www.oscarssonsbil.se<\/p>\n","protected":false},"featured_media":284465,"template":"","class_list":["post-293792","salda_bilar","type-salda_bilar","status-publish","has-post-thumbnail","hentry"],"acf":[],"yoast_head":"<!-- This site is optimized with the Yoast SEO plugin v25.7 - https:\/\/yoast.com\/wordpress\/plugins\/seo\/ -->\n<title>Cadillac Coupe De Ville 1958 (Verkauft) - Oscarssons Bilhandel i Mellerud AB<\/title>\n<meta name=\"robots\" content=\"index, follow, max-snippet:-1, max-image-preview:large, max-video-preview:-1\" \/>\n<link rel=\"canonical\" href=\"https:\/\/oscarssonsbil.se\/de\/salda_bilar\/cadillac-coupe-de-ville-1958-verkauft\/\" \/>\n<meta property=\"og:locale\" content=\"de_DE\" \/>\n<meta property=\"og:type\" content=\"article\" \/>\n<meta property=\"og:title\" content=\"Cadillac Coupe De Ville 1958 (Verkauft) - Oscarssons Bilhandel i Mellerud AB\" \/>\n<meta property=\"og:description\" content=\"Verkauft. Cadillac Coupe De Ville 1958!Sehr ansprechender Cadillac aus dem beliebten Jahr 1958! Wirklich sch\u00f6nes Auto, das in vielerlei Hinsicht unber\u00fchrten Originalzustand atmet, aber aufgrund der Jahre, die vergangen sind, noch 65 Jahre auf dem Buckel hat und eine sehr sch\u00f6ne Neulackierung und eine neue Innenausstattung erhalten hat!Sehr guter Zustand! F\u00fcr weitere Informationen:Thomas 0530-40402 Oscarssons [&hellip;]\" \/>\n<meta property=\"og:url\" content=\"https:\/\/oscarssonsbil.se\/de\/salda_bilar\/cadillac-coupe-de-ville-1958-verkauft\/\" \/>\n<meta property=\"og:site_name\" content=\"Oscarssons Bilhandel i Mellerud AB\" \/>\n<meta property=\"article:publisher\" content=\"https:\/\/www.facebook.com\/OscarssonsBil\" \/>\n<meta property=\"article:modified_time\" content=\"2025-06-17T12:32:55+00:00\" \/>\n<meta property=\"og:image\" content=\"https:\/\/oscarssonsbil.se\/wp-content\/uploads\/2025\/01\/3d885acd.jpg\" \/>\n\t<meta property=\"og:image:width\" content=\"800\" \/>\n\t<meta property=\"og:image:height\" content=\"600\" \/>\n\t<meta property=\"og:image:type\" content=\"image\/jpeg\" \/>\n<meta name=\"twitter:card\" content=\"summary_large_image\" \/>\n<meta name=\"twitter:label1\" content=\"Gesch\u00e4tzte Lesezeit\" \/>\n\t<meta name=\"twitter:data1\" content=\"1\u00a0Minute\" \/>\n<script type=\"application\/ld+json\" class=\"yoast-schema-graph\">{\"@context\":\"https:\/\/schema.org\",\"@graph\":[{\"@type\":\"WebPage\",\"@id\":\"https:\/\/oscarssonsbil.se\/de\/salda_bilar\/cadillac-coupe-de-ville-1958-verkauft\/\",\"url\":\"https:\/\/oscarssonsbil.se\/de\/salda_bilar\/cadillac-coupe-de-ville-1958-verkauft\/\",\"name\":\"Cadillac Coupe De Ville 1958 (Verkauft) - Oscarssons Bilhandel i Mellerud AB\",\"isPartOf\":{\"@id\":\"https:\/\/oscarssonsbil.se\/de\/#website\"},\"primaryImageOfPage\":{\"@id\":\"https:\/\/oscarssonsbil.se\/de\/salda_bilar\/cadillac-coupe-de-ville-1958-verkauft\/#primaryimage\"},\"image\":{\"@id\":\"https:\/\/oscarssonsbil.se\/de\/salda_bilar\/cadillac-coupe-de-ville-1958-verkauft\/#primaryimage\"},\"thumbnailUrl\":\"https:\/\/oscarssonsbil.se\/wp-content\/uploads\/2025\/01\/3d885acd.jpg\",\"datePublished\":\"2025-01-30T06:07:25+00:00\",\"dateModified\":\"2025-06-17T12:32:55+00:00\",\"breadcrumb\":{\"@id\":\"https:\/\/oscarssonsbil.se\/de\/salda_bilar\/cadillac-coupe-de-ville-1958-verkauft\/#breadcrumb\"},\"inLanguage\":\"de\",\"potentialAction\":[{\"@type\":\"ReadAction\",\"target\":[\"https:\/\/oscarssonsbil.se\/de\/salda_bilar\/cadillac-coupe-de-ville-1958-verkauft\/\"]}]},{\"@type\":\"ImageObject\",\"inLanguage\":\"de\",\"@id\":\"https:\/\/oscarssonsbil.se\/de\/salda_bilar\/cadillac-coupe-de-ville-1958-verkauft\/#primaryimage\",\"url\":\"https:\/\/oscarssonsbil.se\/wp-content\/uploads\/2025\/01\/3d885acd.jpg\",\"contentUrl\":\"https:\/\/oscarssonsbil.se\/wp-content\/uploads\/2025\/01\/3d885acd.jpg\",\"width\":800,\"height\":600},{\"@type\":\"BreadcrumbList\",\"@id\":\"https:\/\/oscarssonsbil.se\/de\/salda_bilar\/cadillac-coupe-de-ville-1958-verkauft\/#breadcrumb\",\"itemListElement\":[{\"@type\":\"ListItem\",\"position\":1,\"name\":\"Hem\",\"item\":\"https:\/\/oscarssonsbil.se\/de\/\"},{\"@type\":\"ListItem\",\"position\":2,\"name\":\"Cadillac Coupe De Ville 1958 (Verkauft)\"}]},{\"@type\":\"WebSite\",\"@id\":\"https:\/\/oscarssonsbil.se\/de\/#website\",\"url\":\"https:\/\/oscarssonsbil.se\/de\/\",\"name\":\"Oscarssons Bilhandel i Mellerud AB\",\"description\":\"\",\"publisher\":{\"@id\":\"https:\/\/oscarssonsbil.se\/de\/#organization\"},\"potentialAction\":[{\"@type\":\"SearchAction\",\"target\":{\"@type\":\"EntryPoint\",\"urlTemplate\":\"https:\/\/oscarssonsbil.se\/de\/?s={search_term_string}\"},\"query-input\":{\"@type\":\"PropertyValueSpecification\",\"valueRequired\":true,\"valueName\":\"search_term_string\"}}],\"inLanguage\":\"de\"},{\"@type\":\"Organization\",\"@id\":\"https:\/\/oscarssonsbil.se\/de\/#organization\",\"name\":\"Oscarssons Bilhandel i Mellerud AB\",\"url\":\"https:\/\/oscarssonsbil.se\/de\/\",\"logo\":{\"@type\":\"ImageObject\",\"inLanguage\":\"de\",\"@id\":\"https:\/\/oscarssonsbil.se\/de\/#\/schema\/logo\/image\/\",\"url\":\"https:\/\/oscarssonsbil.se\/wp-content\/uploads\/2025\/02\/logo-no-nr.png\",\"contentUrl\":\"https:\/\/oscarssonsbil.se\/wp-content\/uploads\/2025\/02\/logo-no-nr.png\",\"width\":2316,\"height\":484,\"caption\":\"Oscarssons Bilhandel i Mellerud AB\"},\"image\":{\"@id\":\"https:\/\/oscarssonsbil.se\/de\/#\/schema\/logo\/image\/\"},\"sameAs\":[\"https:\/\/www.facebook.com\/OscarssonsBil\"]}]}<\/script>\n<!-- \/ Yoast SEO plugin. -->","yoast_head_json":{"title":"Cadillac Coupe De Ville 1958 (Verkauft) - Oscarssons Bilhandel i Mellerud AB","robots":{"index":"index","follow":"follow","max-snippet":"max-snippet:-1","max-image-preview":"max-image-preview:large","max-video-preview":"max-video-preview:-1"},"canonical":"https:\/\/oscarssonsbil.se\/de\/salda_bilar\/cadillac-coupe-de-ville-1958-verkauft\/","og_locale":"de_DE","og_type":"article","og_title":"Cadillac Coupe De Ville 1958 (Verkauft) - Oscarssons Bilhandel i Mellerud AB","og_description":"Verkauft. Cadillac Coupe De Ville 1958!Sehr ansprechender Cadillac aus dem beliebten Jahr 1958! Wirklich sch\u00f6nes Auto, das in vielerlei Hinsicht unber\u00fchrten Originalzustand atmet, aber aufgrund der Jahre, die vergangen sind, noch 65 Jahre auf dem Buckel hat und eine sehr sch\u00f6ne Neulackierung und eine neue Innenausstattung erhalten hat!Sehr guter Zustand! F\u00fcr weitere Informationen:Thomas 0530-40402 Oscarssons [&hellip;]","og_url":"https:\/\/oscarssonsbil.se\/de\/salda_bilar\/cadillac-coupe-de-ville-1958-verkauft\/","og_site_name":"Oscarssons Bilhandel i Mellerud AB","article_publisher":"https:\/\/www.facebook.com\/OscarssonsBil","article_modified_time":"2025-06-17T12:32:55+00:00","og_image":[{"width":800,"height":600,"url":"https:\/\/oscarssonsbil.se\/wp-content\/uploads\/2025\/01\/3d885acd.jpg","type":"image\/jpeg"}],"twitter_card":"summary_large_image","twitter_misc":{"Gesch\u00e4tzte Lesezeit":"1\u00a0Minute"},"schema":{"@context":"https:\/\/schema.org","@graph":[{"@type":"WebPage","@id":"https:\/\/oscarssonsbil.se\/de\/salda_bilar\/cadillac-coupe-de-ville-1958-verkauft\/","url":"https:\/\/oscarssonsbil.se\/de\/salda_bilar\/cadillac-coupe-de-ville-1958-verkauft\/","name":"Cadillac Coupe De Ville 1958 (Verkauft) - Oscarssons Bilhandel i Mellerud AB","isPartOf":{"@id":"https:\/\/oscarssonsbil.se\/de\/#website"},"primaryImageOfPage":{"@id":"https:\/\/oscarssonsbil.se\/de\/salda_bilar\/cadillac-coupe-de-ville-1958-verkauft\/#primaryimage"},"image":{"@id":"https:\/\/oscarssonsbil.se\/de\/salda_bilar\/cadillac-coupe-de-ville-1958-verkauft\/#primaryimage"},"thumbnailUrl":"https:\/\/oscarssonsbil.se\/wp-content\/uploads\/2025\/01\/3d885acd.jpg","datePublished":"2025-01-30T06:07:25+00:00","dateModified":"2025-06-17T12:32:55+00:00","breadcrumb":{"@id":"https:\/\/oscarssonsbil.se\/de\/salda_bilar\/cadillac-coupe-de-ville-1958-verkauft\/#breadcrumb"},"inLanguage":"de","potentialAction":[{"@type":"ReadAction","target":["https:\/\/oscarssonsbil.se\/de\/salda_bilar\/cadillac-coupe-de-ville-1958-verkauft\/"]}]},{"@type":"ImageObject","inLanguage":"de","@id":"https:\/\/oscarssonsbil.se\/de\/salda_bilar\/cadillac-coupe-de-ville-1958-verkauft\/#primaryimage","url":"https:\/\/oscarssonsbil.se\/wp-content\/uploads\/2025\/01\/3d885acd.jpg","contentUrl":"https:\/\/oscarssonsbil.se\/wp-content\/uploads\/2025\/01\/3d885acd.jpg","width":800,"height":600},{"@type":"BreadcrumbList","@id":"https:\/\/oscarssonsbil.se\/de\/salda_bilar\/cadillac-coupe-de-ville-1958-verkauft\/#breadcrumb","itemListElement":[{"@type":"ListItem","position":1,"name":"Hem","item":"https:\/\/oscarssonsbil.se\/de\/"},{"@type":"ListItem","position":2,"name":"Cadillac Coupe De Ville 1958 (Verkauft)"}]},{"@type":"WebSite","@id":"https:\/\/oscarssonsbil.se\/de\/#website","url":"https:\/\/oscarssonsbil.se\/de\/","name":"Oscarssons Bilhandel i Mellerud AB","description":"","publisher":{"@id":"https:\/\/oscarssonsbil.se\/de\/#organization"},"potentialAction":[{"@type":"SearchAction","target":{"@type":"EntryPoint","urlTemplate":"https:\/\/oscarssonsbil.se\/de\/?s={search_term_string}"},"query-input":{"@type":"PropertyValueSpecification","valueRequired":true,"valueName":"search_term_string"}}],"inLanguage":"de"},{"@type":"Organization","@id":"https:\/\/oscarssonsbil.se\/de\/#organization","name":"Oscarssons Bilhandel i Mellerud AB","url":"https:\/\/oscarssonsbil.se\/de\/","logo":{"@type":"ImageObject","inLanguage":"de","@id":"https:\/\/oscarssonsbil.se\/de\/#\/schema\/logo\/image\/","url":"https:\/\/oscarssonsbil.se\/wp-content\/uploads\/2025\/02\/logo-no-nr.png","contentUrl":"https:\/\/oscarssonsbil.se\/wp-content\/uploads\/2025\/02\/logo-no-nr.png","width":2316,"height":484,"caption":"Oscarssons Bilhandel i Mellerud AB"},"image":{"@id":"https:\/\/oscarssonsbil.se\/de\/#\/schema\/logo\/image\/"},"sameAs":["https:\/\/www.facebook.com\/OscarssonsBil"]}]}},"_links":{"self":[{"href":"https:\/\/oscarssonsbil.se\/de\/wp-json\/wp\/v2\/salda_bilar\/293792","targetHints":{"allow":["GET"]}}],"collection":[{"href":"https:\/\/oscarssonsbil.se\/de\/wp-json\/wp\/v2\/salda_bilar"}],"about":[{"href":"https:\/\/oscarssonsbil.se\/de\/wp-json\/wp\/v2\/types\/salda_bilar"}],"wp:featuredmedia":[{"embeddable":true,"href":"https:\/\/oscarssonsbil.se\/de\/wp-json\/wp\/v2\/media\/284465"}],"wp:attachment":[{"href":"https:\/\/oscarssonsbil.se\/de\/wp-json\/wp\/v2\/media?parent=293792"}],"curies":[{"name":"wp","href":"https:\/\/api.w.org\/{rel}","templated":true}]}}

<p>  Verkauft.  </p>
<p>Cadillac Coupe De Ville 1958!<br />Sehr ansprechender Cadillac aus dem beliebten Jahr 1958!</p>
<p>Wirklich schönes Auto, das in vielerlei Hinsicht unberührten Originalzustand atmet, aber aufgrund der Jahre, die vergangen sind, noch 65 Jahre auf dem Buckel hat und eine sehr schöne Neulackierung und eine neue Innenausstattung erhalten hat!<br />Sehr guter Zustand!</p>
<p>Für weitere Informationen:<br />Thomas 0530-40402</p>
<p>Oscarssons Bil AB wurde 1981 von Jan Oscarsson gegründet und wird heute, 42 Jahre später, immer noch von Jan und seinem Bruder Thomas Oscarsson und seinen Mitarbeitern geführt. Wir haben seit unserer Gründung etwa 13.000 Fahrzeuge verkauft und verfügen über die höchste Kreditwürdigkeit, so dass Sie sich vertrauensvoll an uns wenden können, wenn Sie Geschäfte machen wollen!<br />WIR KAUFEN, TAUSCHEN, VERKAUFEN, FINANZIEREN UND VERKAUFEN IHR AUTO FÜR SIE, WENN SIE ES WÜNSCHEN!<br />Wenn Sie möchten, können wir auch die Anzahlung organisieren!<br />Wir konzentrieren uns jetzt auf wirklich schöne Autos aus den USA und andere Liebhaberfahrzeuge aus den Jahren 1950-1970, was unsere Leidenschaft, unser Hobby und unsere Arbeit ist!<br />Aber wir arbeiten auch mit neueren Transportern und Autos!<br />Willkommen bei uns in Mellerud, das am Vänernsee auf halbem Weg zwischen Karlstad und Göteborg liegt!<br />0530-40400, 40401, 40402.<br />www.oscarssonsbil.se</p>

<!-- This site is optimized with the Yoast SEO plugin v25.7 - https://yoast.com/wordpress/plugins/seo/ -->
<title>Cadillac Coupe De Ville 1958 (Verkauft) - Oscarssons Bilhandel i Mellerud AB</title>
<meta name="robots" content="index, follow, max-snippet:-1, max-image-preview:large, max-video-preview:-1" />
<link rel="canonical" href="https://oscarssonsbil.se/de/salda_bilar/cadillac-coupe-de-ville-1958-verkauft/" />
<meta property="og:locale" content="de_DE" />
<meta property="og:type" content="article" />
<meta property="og:title" content="Cadillac Coupe De Ville 1958 (Verkauft) - Oscarssons Bilhandel i Mellerud AB" />
<meta property="og:description" content="Verkauft. Cadillac Coupe De Ville 1958!Sehr ansprechender Cadillac aus dem beliebten Jahr 1958! Wirklich schönes Auto, das in vielerlei Hinsicht unberührten Originalzustand atmet, aber aufgrund der Jahre, die vergangen sind, noch 65 Jahre auf dem Buckel hat und eine sehr schöne Neulackierung und eine neue Innenausstattung erhalten hat!Sehr guter Zustand! Für weitere Informationen:Thomas 0530-40402 Oscarssons [&hellip;]" />
<meta property="og:url" content="https://oscarssonsbil.se/de/salda_bilar/cadillac-coupe-de-ville-1958-verkauft/" />
<meta property="og:site_name" content="Oscarssons Bilhandel i Mellerud AB" />
<meta property="article:publisher" content="https://www.facebook.com/OscarssonsBil" />
<meta property="article:modified_time" content="2025-06-17T12:32:55+00:00" />
<meta property="og:image" content="https://oscarssonsbil.se/wp-content/uploads/2025/01/3d885acd.jpg" />
	<meta property="og:image:width" content="800" />
	<meta property="og:image:height" content="600" />
	<meta property="og:image:type" content="image/jpeg" />
<meta name="twitter:card" content="summary_large_image" />
<meta name="twitter:label1" content="Geschätzte Lesezeit" />
	<meta name="twitter:data1" content="1 Minute" />
<script type="application/ld+json" class="yoast-schema-graph">{"@context":"https://schema.org","@graph":[{"@type":"WebPage","@id":"https://oscarssonsbil.se/de/salda_bilar/cadillac-coupe-de-ville-1958-verkauft/","url":"https://oscarssonsbil.se/de/salda_bilar/cadillac-coupe-de-ville-1958-verkauft/","name":"Cadillac Coupe De Ville 1958 (Verkauft) - Oscarssons Bilhandel i Mellerud AB","isPartOf":{"@id":"https://oscarssonsbil.se/de/#website"},"primaryImageOfPage":{"@id":"https://oscarssonsbil.se/de/salda_bilar/cadillac-coupe-de-ville-1958-verkauft/#primaryimage"},"image":{"@id":"https://oscarssonsbil.se/de/salda_bilar/cadillac-coupe-de-ville-1958-verkauft/#primaryimage"},"thumbnailUrl":"https://oscarssonsbil.se/wp-content/uploads/2025/01/3d885acd.jpg","datePublished":"2025-01-30T06:07:25+00:00","dateModified":"2025-06-17T12:32:55+00:00","breadcrumb":{"@id":"https://oscarssonsbil.se/de/salda_bilar/cadillac-coupe-de-ville-1958-verkauft/#breadcrumb"},"inLanguage":"de","potentialAction":[{"@type":"ReadAction","target":["https://oscarssonsbil.se/de/salda_bilar/cadillac-coupe-de-ville-1958-verkauft/"]}]},{"@type":"ImageObject","inLanguage":"de","@id":"https://oscarssonsbil.se/de/salda_bilar/cadillac-coupe-de-ville-1958-verkauft/#primaryimage","url":"https://oscarssonsbil.se/wp-content/uploads/2025/01/3d885acd.jpg","contentUrl":"https://oscarssonsbil.se/wp-content/uploads/2025/01/3d885acd.jpg","width":800,"height":600},{"@type":"BreadcrumbList","@id":"https://oscarssonsbil.se/de/salda_bilar/cadillac-coupe-de-ville-1958-verkauft/#breadcrumb","itemListElement":[{"@type":"ListItem","position":1,"name":"Hem","item":"https://oscarssonsbil.se/de/"},{"@type":"ListItem","position":2,"name":"Cadillac Coupe De Ville 1958 (Verkauft)"}]},{"@type":"WebSite","@id":"https://oscarssonsbil.se/de/#website","url":"https://oscarssonsbil.se/de/","name":"Oscarssons Bilhandel i Mellerud AB","description":"","publisher":{"@id":"https://oscarssonsbil.se/de/#organization"},"potentialAction":[{"@type":"SearchAction","target":{"@type":"EntryPoint","urlTemplate":"https://oscarssonsbil.se/de/?s={search_term_string}"},"query-input":{"@type":"PropertyValueSpecification","valueRequired":true,"valueName":"search_term_string"}}],"inLanguage":"de"},{"@type":"Organization","@id":"https://oscarssonsbil.se/de/#organization","name":"Oscarssons Bilhandel i Mellerud AB","url":"https://oscarssonsbil.se/de/","logo":{"@type":"ImageObject","inLanguage":"de","@id":"https://oscarssonsbil.se/de/#/schema/logo/image/","url":"https://oscarssonsbil.se/wp-content/uploads/2025/02/logo-no-nr.png","contentUrl":"https://oscarssonsbil.se/wp-content/uploads/2025/02/logo-no-nr.png","width":2316,"height":484,"caption":"Oscarssons Bilhandel i Mellerud AB"},"image":{"@id":"https://oscarssonsbil.se/de/#/schema/logo/image/"},"sameAs":["https://www.facebook.com/OscarssonsBil"]}]}</script>
<!-- / Yoast SEO plugin. -->

Verkauft. Cadillac Coupe De Ville 1958!Sehr ansprechender Cadillac aus dem beliebten Jahr 1958! Wirklich schönes Auto, das in vielerlei Hinsicht unberührten Originalzustand atmet, aber aufgrund der Jahre, die vergangen sind, noch 65 Jahre auf dem Buckel hat und eine sehr schöne Neulackierung und eine neue Innenausstattung erhalten hat!Sehr guter Zustand! Für weitere Informationen:Thomas 0530-40402 Oscarssons [&hellip;]
