{"id":293293,"date":"2025-01-30T07:07:26","date_gmt":"2025-01-30T06:07:26","guid":{"rendered":"https:\/\/oscarssonsbil.se\/salda_bilar\/mb-350-sl-cab-ht-weiss-mit-rotem-leder-1971verkauft\/"},"modified":"2025-06-17T14:27:22","modified_gmt":"2025-06-17T12:27:22","slug":"mb-350-sl-cab-ht-weiss-mit-rotem-leder-1971verkauft","status":"publish","type":"salda_bilar","link":"https:\/\/oscarssonsbil.se\/de\/salda_bilar\/mb-350-sl-cab-ht-weiss-mit-rotem-leder-1971verkauft\/","title":{"rendered":"MB 350 SL Cab\/HT Wei\u00df mit rotem Leder 1971(Verkauft)"},"content":{"rendered":"<p>  Ein Klassiker von Mercedes, der von Jahr zu Jahr an Wert gewinnt!<br \/>Sehr ber\u00fchmtes Modell, das \u201eDallas Mop\u201c genannt wurde, als die Serie Dallas ausgestrahlt wurde, Bobby Ewing hatte ein \u00e4hnliches Modell, das rot lackiert war und zu dieser Zeit fuhr!<br \/>Dieses Modell ist au\u00dfen herrlich wei\u00df mit roter Lederausstattung, sehr sch\u00f6n!<br \/>V8 \/ Automatik, Stoffcabrio und Hardtop, das ebenfalls wei\u00df ist, au\u00dferdem hat dieses Auto eine klappbare Windschutzscheibe!<br \/>Original-Leichtmetallfelgen.<br \/>Ein Auto in gutem Zustand!<br \/>F\u00fcr weitere Informationen rufen Sie 0530-40400 oder 0706-972121<\/p>\n<p>Oscarssons Bil AB wurde 1981 von Jan Oscarsson gegr\u00fcndet und wird heute, 40 Jahre sp\u00e4ter, immer noch von Jan und seinem Bruder Thomas Oscarsson und seinen Mitarbeitern gef\u00fchrt. Wir haben seit unserer Gr\u00fcndung etwa 12.000 Fahrzeuge verkauft und verf\u00fcgen \u00fcber die h\u00f6chste Kreditw\u00fcrdigkeit, so dass Sie sich vertrauensvoll an uns wenden k\u00f6nnen, wenn Sie Gesch\u00e4fte machen wollen!<br \/>WIR KAUFEN-HANDEL-VERKAUFEN &amp; FINANZIEREN! FINANZIERUNG BIS ZU 84 MONATEN!<br \/>Wir verkaufen neue Ford Vans, neuere Gebrauchtwagen und sch\u00f6ne USA &amp; Enthusiastenautos aus den Jahren 1950-1970. !<br \/>Willkommen bei uns in Mellerud, das am V\u00e4nernsee liegt, auf halbem Weg zwischen Karlstad &amp; G\u00f6teborg!<br \/>0530-40400, 40401 oder 40402.  www.oscarssonsbil.se<\/p>\n","protected":false},"featured_media":282187,"template":"","class_list":["post-293293","salda_bilar","type-salda_bilar","status-publish","has-post-thumbnail","hentry"],"acf":[],"yoast_head":"<!-- This site is optimized with the Yoast SEO plugin v25.7 - https:\/\/yoast.com\/wordpress\/plugins\/seo\/ -->\n<title>MB 350 SL Cab\/HT Wei\u00df mit rotem Leder 1971(Verkauft) - Oscarssons Bilhandel i Mellerud AB<\/title>\n<meta name=\"robots\" content=\"index, follow, max-snippet:-1, max-image-preview:large, max-video-preview:-1\" \/>\n<link rel=\"canonical\" href=\"https:\/\/oscarssonsbil.se\/de\/salda_bilar\/mb-350-sl-cab-ht-weiss-mit-rotem-leder-1971verkauft\/\" \/>\n<meta property=\"og:locale\" content=\"de_DE\" \/>\n<meta property=\"og:type\" content=\"article\" \/>\n<meta property=\"og:title\" content=\"MB 350 SL Cab\/HT Wei\u00df mit rotem Leder 1971(Verkauft) - Oscarssons Bilhandel i Mellerud AB\" \/>\n<meta property=\"og:description\" content=\"Ein Klassiker von Mercedes, der von Jahr zu Jahr an Wert gewinnt!Sehr ber\u00fchmtes Modell, das \u201eDallas Mop\u201c genannt wurde, als die Serie Dallas ausgestrahlt wurde, Bobby Ewing hatte ein \u00e4hnliches Modell, das rot lackiert war und zu dieser Zeit fuhr!Dieses Modell ist au\u00dfen herrlich wei\u00df mit roter Lederausstattung, sehr sch\u00f6n!V8 \/ Automatik, Stoffcabrio und Hardtop, [&hellip;]\" \/>\n<meta property=\"og:url\" content=\"https:\/\/oscarssonsbil.se\/de\/salda_bilar\/mb-350-sl-cab-ht-weiss-mit-rotem-leder-1971verkauft\/\" \/>\n<meta property=\"og:site_name\" content=\"Oscarssons Bilhandel i Mellerud AB\" \/>\n<meta property=\"article:publisher\" content=\"https:\/\/www.facebook.com\/OscarssonsBil\" \/>\n<meta property=\"article:modified_time\" content=\"2025-06-17T12:27:22+00:00\" \/>\n<meta property=\"og:image\" content=\"https:\/\/oscarssonsbil.se\/wp-content\/uploads\/2025\/01\/1547746c.jpg\" \/>\n\t<meta property=\"og:image:width\" content=\"800\" \/>\n\t<meta property=\"og:image:height\" content=\"600\" \/>\n\t<meta property=\"og:image:type\" content=\"image\/jpeg\" \/>\n<meta name=\"twitter:card\" content=\"summary_large_image\" \/>\n<meta name=\"twitter:label1\" content=\"Gesch\u00e4tzte Lesezeit\" \/>\n\t<meta name=\"twitter:data1\" content=\"1\u00a0Minute\" \/>\n<script type=\"application\/ld+json\" class=\"yoast-schema-graph\">{\"@context\":\"https:\/\/schema.org\",\"@graph\":[{\"@type\":\"WebPage\",\"@id\":\"https:\/\/oscarssonsbil.se\/de\/salda_bilar\/mb-350-sl-cab-ht-weiss-mit-rotem-leder-1971verkauft\/\",\"url\":\"https:\/\/oscarssonsbil.se\/de\/salda_bilar\/mb-350-sl-cab-ht-weiss-mit-rotem-leder-1971verkauft\/\",\"name\":\"MB 350 SL Cab\/HT Wei\u00df mit rotem Leder 1971(Verkauft) - Oscarssons Bilhandel i Mellerud AB\",\"isPartOf\":{\"@id\":\"https:\/\/oscarssonsbil.se\/de\/#website\"},\"primaryImageOfPage\":{\"@id\":\"https:\/\/oscarssonsbil.se\/de\/salda_bilar\/mb-350-sl-cab-ht-weiss-mit-rotem-leder-1971verkauft\/#primaryimage\"},\"image\":{\"@id\":\"https:\/\/oscarssonsbil.se\/de\/salda_bilar\/mb-350-sl-cab-ht-weiss-mit-rotem-leder-1971verkauft\/#primaryimage\"},\"thumbnailUrl\":\"https:\/\/oscarssonsbil.se\/wp-content\/uploads\/2025\/01\/1547746c.jpg\",\"datePublished\":\"2025-01-30T06:07:26+00:00\",\"dateModified\":\"2025-06-17T12:27:22+00:00\",\"breadcrumb\":{\"@id\":\"https:\/\/oscarssonsbil.se\/de\/salda_bilar\/mb-350-sl-cab-ht-weiss-mit-rotem-leder-1971verkauft\/#breadcrumb\"},\"inLanguage\":\"de\",\"potentialAction\":[{\"@type\":\"ReadAction\",\"target\":[\"https:\/\/oscarssonsbil.se\/de\/salda_bilar\/mb-350-sl-cab-ht-weiss-mit-rotem-leder-1971verkauft\/\"]}]},{\"@type\":\"ImageObject\",\"inLanguage\":\"de\",\"@id\":\"https:\/\/oscarssonsbil.se\/de\/salda_bilar\/mb-350-sl-cab-ht-weiss-mit-rotem-leder-1971verkauft\/#primaryimage\",\"url\":\"https:\/\/oscarssonsbil.se\/wp-content\/uploads\/2025\/01\/1547746c.jpg\",\"contentUrl\":\"https:\/\/oscarssonsbil.se\/wp-content\/uploads\/2025\/01\/1547746c.jpg\",\"width\":800,\"height\":600},{\"@type\":\"BreadcrumbList\",\"@id\":\"https:\/\/oscarssonsbil.se\/de\/salda_bilar\/mb-350-sl-cab-ht-weiss-mit-rotem-leder-1971verkauft\/#breadcrumb\",\"itemListElement\":[{\"@type\":\"ListItem\",\"position\":1,\"name\":\"Hem\",\"item\":\"https:\/\/oscarssonsbil.se\/de\/\"},{\"@type\":\"ListItem\",\"position\":2,\"name\":\"MB 350 SL Cab\/HT Wei\u00df mit rotem Leder 1971(Verkauft)\"}]},{\"@type\":\"WebSite\",\"@id\":\"https:\/\/oscarssonsbil.se\/de\/#website\",\"url\":\"https:\/\/oscarssonsbil.se\/de\/\",\"name\":\"Oscarssons Bilhandel i Mellerud AB\",\"description\":\"\",\"publisher\":{\"@id\":\"https:\/\/oscarssonsbil.se\/de\/#organization\"},\"potentialAction\":[{\"@type\":\"SearchAction\",\"target\":{\"@type\":\"EntryPoint\",\"urlTemplate\":\"https:\/\/oscarssonsbil.se\/de\/?s={search_term_string}\"},\"query-input\":{\"@type\":\"PropertyValueSpecification\",\"valueRequired\":true,\"valueName\":\"search_term_string\"}}],\"inLanguage\":\"de\"},{\"@type\":\"Organization\",\"@id\":\"https:\/\/oscarssonsbil.se\/de\/#organization\",\"name\":\"Oscarssons Bilhandel i Mellerud AB\",\"url\":\"https:\/\/oscarssonsbil.se\/de\/\",\"logo\":{\"@type\":\"ImageObject\",\"inLanguage\":\"de\",\"@id\":\"https:\/\/oscarssonsbil.se\/de\/#\/schema\/logo\/image\/\",\"url\":\"https:\/\/oscarssonsbil.se\/wp-content\/uploads\/2025\/02\/logo-no-nr.png\",\"contentUrl\":\"https:\/\/oscarssonsbil.se\/wp-content\/uploads\/2025\/02\/logo-no-nr.png\",\"width\":2316,\"height\":484,\"caption\":\"Oscarssons Bilhandel i Mellerud AB\"},\"image\":{\"@id\":\"https:\/\/oscarssonsbil.se\/de\/#\/schema\/logo\/image\/\"},\"sameAs\":[\"https:\/\/www.facebook.com\/OscarssonsBil\"]}]}<\/script>\n<!-- \/ Yoast SEO plugin. -->","yoast_head_json":{"title":"MB 350 SL Cab\/HT Wei\u00df mit rotem Leder 1971(Verkauft) - Oscarssons Bilhandel i Mellerud AB","robots":{"index":"index","follow":"follow","max-snippet":"max-snippet:-1","max-image-preview":"max-image-preview:large","max-video-preview":"max-video-preview:-1"},"canonical":"https:\/\/oscarssonsbil.se\/de\/salda_bilar\/mb-350-sl-cab-ht-weiss-mit-rotem-leder-1971verkauft\/","og_locale":"de_DE","og_type":"article","og_title":"MB 350 SL Cab\/HT Wei\u00df mit rotem Leder 1971(Verkauft) - Oscarssons Bilhandel i Mellerud AB","og_description":"Ein Klassiker von Mercedes, der von Jahr zu Jahr an Wert gewinnt!Sehr ber\u00fchmtes Modell, das \u201eDallas Mop\u201c genannt wurde, als die Serie Dallas ausgestrahlt wurde, Bobby Ewing hatte ein \u00e4hnliches Modell, das rot lackiert war und zu dieser Zeit fuhr!Dieses Modell ist au\u00dfen herrlich wei\u00df mit roter Lederausstattung, sehr sch\u00f6n!V8 \/ Automatik, Stoffcabrio und Hardtop, [&hellip;]","og_url":"https:\/\/oscarssonsbil.se\/de\/salda_bilar\/mb-350-sl-cab-ht-weiss-mit-rotem-leder-1971verkauft\/","og_site_name":"Oscarssons Bilhandel i Mellerud AB","article_publisher":"https:\/\/www.facebook.com\/OscarssonsBil","article_modified_time":"2025-06-17T12:27:22+00:00","og_image":[{"width":800,"height":600,"url":"https:\/\/oscarssonsbil.se\/wp-content\/uploads\/2025\/01\/1547746c.jpg","type":"image\/jpeg"}],"twitter_card":"summary_large_image","twitter_misc":{"Gesch\u00e4tzte Lesezeit":"1\u00a0Minute"},"schema":{"@context":"https:\/\/schema.org","@graph":[{"@type":"WebPage","@id":"https:\/\/oscarssonsbil.se\/de\/salda_bilar\/mb-350-sl-cab-ht-weiss-mit-rotem-leder-1971verkauft\/","url":"https:\/\/oscarssonsbil.se\/de\/salda_bilar\/mb-350-sl-cab-ht-weiss-mit-rotem-leder-1971verkauft\/","name":"MB 350 SL Cab\/HT Wei\u00df mit rotem Leder 1971(Verkauft) - Oscarssons Bilhandel i Mellerud AB","isPartOf":{"@id":"https:\/\/oscarssonsbil.se\/de\/#website"},"primaryImageOfPage":{"@id":"https:\/\/oscarssonsbil.se\/de\/salda_bilar\/mb-350-sl-cab-ht-weiss-mit-rotem-leder-1971verkauft\/#primaryimage"},"image":{"@id":"https:\/\/oscarssonsbil.se\/de\/salda_bilar\/mb-350-sl-cab-ht-weiss-mit-rotem-leder-1971verkauft\/#primaryimage"},"thumbnailUrl":"https:\/\/oscarssonsbil.se\/wp-content\/uploads\/2025\/01\/1547746c.jpg","datePublished":"2025-01-30T06:07:26+00:00","dateModified":"2025-06-17T12:27:22+00:00","breadcrumb":{"@id":"https:\/\/oscarssonsbil.se\/de\/salda_bilar\/mb-350-sl-cab-ht-weiss-mit-rotem-leder-1971verkauft\/#breadcrumb"},"inLanguage":"de","potentialAction":[{"@type":"ReadAction","target":["https:\/\/oscarssonsbil.se\/de\/salda_bilar\/mb-350-sl-cab-ht-weiss-mit-rotem-leder-1971verkauft\/"]}]},{"@type":"ImageObject","inLanguage":"de","@id":"https:\/\/oscarssonsbil.se\/de\/salda_bilar\/mb-350-sl-cab-ht-weiss-mit-rotem-leder-1971verkauft\/#primaryimage","url":"https:\/\/oscarssonsbil.se\/wp-content\/uploads\/2025\/01\/1547746c.jpg","contentUrl":"https:\/\/oscarssonsbil.se\/wp-content\/uploads\/2025\/01\/1547746c.jpg","width":800,"height":600},{"@type":"BreadcrumbList","@id":"https:\/\/oscarssonsbil.se\/de\/salda_bilar\/mb-350-sl-cab-ht-weiss-mit-rotem-leder-1971verkauft\/#breadcrumb","itemListElement":[{"@type":"ListItem","position":1,"name":"Hem","item":"https:\/\/oscarssonsbil.se\/de\/"},{"@type":"ListItem","position":2,"name":"MB 350 SL Cab\/HT Wei\u00df mit rotem Leder 1971(Verkauft)"}]},{"@type":"WebSite","@id":"https:\/\/oscarssonsbil.se\/de\/#website","url":"https:\/\/oscarssonsbil.se\/de\/","name":"Oscarssons Bilhandel i Mellerud AB","description":"","publisher":{"@id":"https:\/\/oscarssonsbil.se\/de\/#organization"},"potentialAction":[{"@type":"SearchAction","target":{"@type":"EntryPoint","urlTemplate":"https:\/\/oscarssonsbil.se\/de\/?s={search_term_string}"},"query-input":{"@type":"PropertyValueSpecification","valueRequired":true,"valueName":"search_term_string"}}],"inLanguage":"de"},{"@type":"Organization","@id":"https:\/\/oscarssonsbil.se\/de\/#organization","name":"Oscarssons Bilhandel i Mellerud AB","url":"https:\/\/oscarssonsbil.se\/de\/","logo":{"@type":"ImageObject","inLanguage":"de","@id":"https:\/\/oscarssonsbil.se\/de\/#\/schema\/logo\/image\/","url":"https:\/\/oscarssonsbil.se\/wp-content\/uploads\/2025\/02\/logo-no-nr.png","contentUrl":"https:\/\/oscarssonsbil.se\/wp-content\/uploads\/2025\/02\/logo-no-nr.png","width":2316,"height":484,"caption":"Oscarssons Bilhandel i Mellerud AB"},"image":{"@id":"https:\/\/oscarssonsbil.se\/de\/#\/schema\/logo\/image\/"},"sameAs":["https:\/\/www.facebook.com\/OscarssonsBil"]}]}},"_links":{"self":[{"href":"https:\/\/oscarssonsbil.se\/de\/wp-json\/wp\/v2\/salda_bilar\/293293","targetHints":{"allow":["GET"]}}],"collection":[{"href":"https:\/\/oscarssonsbil.se\/de\/wp-json\/wp\/v2\/salda_bilar"}],"about":[{"href":"https:\/\/oscarssonsbil.se\/de\/wp-json\/wp\/v2\/types\/salda_bilar"}],"wp:featuredmedia":[{"embeddable":true,"href":"https:\/\/oscarssonsbil.se\/de\/wp-json\/wp\/v2\/media\/282187"}],"wp:attachment":[{"href":"https:\/\/oscarssonsbil.se\/de\/wp-json\/wp\/v2\/media?parent=293293"}],"curies":[{"name":"wp","href":"https:\/\/api.w.org\/{rel}","templated":true}]}}

MB 350 SL Cab/HT Weiß mit rotem Leder 1971(Verkauft)

<p>  Ein Klassiker von Mercedes, der von Jahr zu Jahr an Wert gewinnt!<br />Sehr berühmtes Modell, das „Dallas Mop“ genannt wurde, als die Serie Dallas ausgestrahlt wurde, Bobby Ewing hatte ein ähnliches Modell, das rot lackiert war und zu dieser Zeit fuhr!<br />Dieses Modell ist außen herrlich weiß mit roter Lederausstattung, sehr schön!<br />V8 / Automatik, Stoffcabrio und Hardtop, das ebenfalls weiß ist, außerdem hat dieses Auto eine klappbare Windschutzscheibe!<br />Original-Leichtmetallfelgen.<br />Ein Auto in gutem Zustand!<br />Für weitere Informationen rufen Sie 0530-40400 oder 0706-972121</p>
<p>Oscarssons Bil AB wurde 1981 von Jan Oscarsson gegründet und wird heute, 40 Jahre später, immer noch von Jan und seinem Bruder Thomas Oscarsson und seinen Mitarbeitern geführt. Wir haben seit unserer Gründung etwa 12.000 Fahrzeuge verkauft und verfügen über die höchste Kreditwürdigkeit, so dass Sie sich vertrauensvoll an uns wenden können, wenn Sie Geschäfte machen wollen!<br />WIR KAUFEN-HANDEL-VERKAUFEN &amp; FINANZIEREN! FINANZIERUNG BIS ZU 84 MONATEN!<br />Wir verkaufen neue Ford Vans, neuere Gebrauchtwagen und schöne USA &amp; Enthusiastenautos aus den Jahren 1950-1970. !<br />Willkommen bei uns in Mellerud, das am Vänernsee liegt, auf halbem Weg zwischen Karlstad &amp; Göteborg!<br />0530-40400, 40401 oder 40402.  www.oscarssonsbil.se</p>

<!-- This site is optimized with the Yoast SEO plugin v25.7 - https://yoast.com/wordpress/plugins/seo/ -->
<title>MB 350 SL Cab/HT Weiß mit rotem Leder 1971(Verkauft) - Oscarssons Bilhandel i Mellerud AB</title>
<meta name="robots" content="index, follow, max-snippet:-1, max-image-preview:large, max-video-preview:-1" />
<link rel="canonical" href="https://oscarssonsbil.se/de/salda_bilar/mb-350-sl-cab-ht-weiss-mit-rotem-leder-1971verkauft/" />
<meta property="og:locale" content="de_DE" />
<meta property="og:type" content="article" />
<meta property="og:title" content="MB 350 SL Cab/HT Weiß mit rotem Leder 1971(Verkauft) - Oscarssons Bilhandel i Mellerud AB" />
<meta property="og:description" content="Ein Klassiker von Mercedes, der von Jahr zu Jahr an Wert gewinnt!Sehr berühmtes Modell, das „Dallas Mop“ genannt wurde, als die Serie Dallas ausgestrahlt wurde, Bobby Ewing hatte ein ähnliches Modell, das rot lackiert war und zu dieser Zeit fuhr!Dieses Modell ist außen herrlich weiß mit roter Lederausstattung, sehr schön!V8 / Automatik, Stoffcabrio und Hardtop, [&hellip;]" />
<meta property="og:url" content="https://oscarssonsbil.se/de/salda_bilar/mb-350-sl-cab-ht-weiss-mit-rotem-leder-1971verkauft/" />
<meta property="og:site_name" content="Oscarssons Bilhandel i Mellerud AB" />
<meta property="article:publisher" content="https://www.facebook.com/OscarssonsBil" />
<meta property="article:modified_time" content="2025-06-17T12:27:22+00:00" />
<meta property="og:image" content="https://oscarssonsbil.se/wp-content/uploads/2025/01/1547746c.jpg" />
	<meta property="og:image:width" content="800" />
	<meta property="og:image:height" content="600" />
	<meta property="og:image:type" content="image/jpeg" />
<meta name="twitter:card" content="summary_large_image" />
<meta name="twitter:label1" content="Geschätzte Lesezeit" />
	<meta name="twitter:data1" content="1 Minute" />
<script type="application/ld+json" class="yoast-schema-graph">{"@context":"https://schema.org","@graph":[{"@type":"WebPage","@id":"https://oscarssonsbil.se/de/salda_bilar/mb-350-sl-cab-ht-weiss-mit-rotem-leder-1971verkauft/","url":"https://oscarssonsbil.se/de/salda_bilar/mb-350-sl-cab-ht-weiss-mit-rotem-leder-1971verkauft/","name":"MB 350 SL Cab/HT Weiß mit rotem Leder 1971(Verkauft) - Oscarssons Bilhandel i Mellerud AB","isPartOf":{"@id":"https://oscarssonsbil.se/de/#website"},"primaryImageOfPage":{"@id":"https://oscarssonsbil.se/de/salda_bilar/mb-350-sl-cab-ht-weiss-mit-rotem-leder-1971verkauft/#primaryimage"},"image":{"@id":"https://oscarssonsbil.se/de/salda_bilar/mb-350-sl-cab-ht-weiss-mit-rotem-leder-1971verkauft/#primaryimage"},"thumbnailUrl":"https://oscarssonsbil.se/wp-content/uploads/2025/01/1547746c.jpg","datePublished":"2025-01-30T06:07:26+00:00","dateModified":"2025-06-17T12:27:22+00:00","breadcrumb":{"@id":"https://oscarssonsbil.se/de/salda_bilar/mb-350-sl-cab-ht-weiss-mit-rotem-leder-1971verkauft/#breadcrumb"},"inLanguage":"de","potentialAction":[{"@type":"ReadAction","target":["https://oscarssonsbil.se/de/salda_bilar/mb-350-sl-cab-ht-weiss-mit-rotem-leder-1971verkauft/"]}]},{"@type":"ImageObject","inLanguage":"de","@id":"https://oscarssonsbil.se/de/salda_bilar/mb-350-sl-cab-ht-weiss-mit-rotem-leder-1971verkauft/#primaryimage","url":"https://oscarssonsbil.se/wp-content/uploads/2025/01/1547746c.jpg","contentUrl":"https://oscarssonsbil.se/wp-content/uploads/2025/01/1547746c.jpg","width":800,"height":600},{"@type":"BreadcrumbList","@id":"https://oscarssonsbil.se/de/salda_bilar/mb-350-sl-cab-ht-weiss-mit-rotem-leder-1971verkauft/#breadcrumb","itemListElement":[{"@type":"ListItem","position":1,"name":"Hem","item":"https://oscarssonsbil.se/de/"},{"@type":"ListItem","position":2,"name":"MB 350 SL Cab/HT Weiß mit rotem Leder 1971(Verkauft)"}]},{"@type":"WebSite","@id":"https://oscarssonsbil.se/de/#website","url":"https://oscarssonsbil.se/de/","name":"Oscarssons Bilhandel i Mellerud AB","description":"","publisher":{"@id":"https://oscarssonsbil.se/de/#organization"},"potentialAction":[{"@type":"SearchAction","target":{"@type":"EntryPoint","urlTemplate":"https://oscarssonsbil.se/de/?s={search_term_string}"},"query-input":{"@type":"PropertyValueSpecification","valueRequired":true,"valueName":"search_term_string"}}],"inLanguage":"de"},{"@type":"Organization","@id":"https://oscarssonsbil.se/de/#organization","name":"Oscarssons Bilhandel i Mellerud AB","url":"https://oscarssonsbil.se/de/","logo":{"@type":"ImageObject","inLanguage":"de","@id":"https://oscarssonsbil.se/de/#/schema/logo/image/","url":"https://oscarssonsbil.se/wp-content/uploads/2025/02/logo-no-nr.png","contentUrl":"https://oscarssonsbil.se/wp-content/uploads/2025/02/logo-no-nr.png","width":2316,"height":484,"caption":"Oscarssons Bilhandel i Mellerud AB"},"image":{"@id":"https://oscarssonsbil.se/de/#/schema/logo/image/"},"sameAs":["https://www.facebook.com/OscarssonsBil"]}]}</script>
<!-- / Yoast SEO plugin. -->

MB 350 SL Cab/HT Weiß mit rotem Leder 1971(Verkauft) - Oscarssons Bilhandel i Mellerud AB

Ein Klassiker von Mercedes, der von Jahr zu Jahr an Wert gewinnt!Sehr berühmtes Modell, das „Dallas Mop“ genannt wurde, als die Serie Dallas ausgestrahlt wurde, Bobby Ewing hatte ein ähnliches Modell, das rot lackiert war und zu dieser Zeit fuhr!Dieses Modell ist außen herrlich weiß mit roter Lederausstattung, sehr schön!V8 / Automatik, Stoffcabrio und Hardtop, [&hellip;]
